Last updated on 2025-04-30 04:50:13 CEST.
Flavor | Version | Tinstall | Tcheck | Ttotal | Status | Flags |
---|---|---|---|---|---|---|
r-devel-linux-x86_64-debian-clang | 0.3-0 | 13.67 | 231.85 | 245.52 | NOTE | |
r-devel-linux-x86_64-debian-gcc | 0.3-0 | 9.49 | 145.94 | 155.43 | NOTE | |
r-devel-linux-x86_64-fedora-clang | 0.3-0 | 381.97 | OK | |||
r-devel-linux-x86_64-fedora-gcc | 0.3-0 | 360.79 | OK | |||
r-devel-windows-x86_64 | 0.3-0 | 13.00 | 222.00 | 235.00 | NOTE | |
r-patched-linux-x86_64 | 0.3-0 | 12.32 | 219.56 | 231.88 | NOTE | |
r-release-linux-x86_64 | 0.3-0 | 11.94 | 220.35 | 232.29 | NOTE | |
r-release-macos-arm64 | 0.3-0 | 89.00 | OK | |||
r-release-macos-x86_64 | 0.3-0 | 219.00 | OK | |||
r-release-windows-x86_64 | 0.3-0 | 14.00 | 221.00 | 235.00 | NOTE | |
r-oldrel-macos-arm64 | 0.3-0 | 85.00 | OK | |||
r-oldrel-macos-x86_64 | 0.3-0 | 140.00 | OK | |||
r-oldrel-windows-x86_64 | 0.3-0 | 19.00 | 291.00 | 310.00 | OK |
Version: 0.3-0
Check: Rd cross-references
Result: NOTE
Found the following Rd file(s) with Rd \link{} targets missing package
anchors:
nmarank.Rd: netmeta
Please provide package anchors for all Rd \link{} targets not in the
package itself and the base packages.
Flavors: r-devel-linux-x86_64-debian-clang, r-devel-linux-x86_64-debian-gcc, r-devel-windows-x86_64, r-patched-linux-x86_64, r-release-linux-x86_64, r-release-windows-x86_64
Version: 0.3-0
Check: examples
Result: NOTE
Examples with CPU (user + system) or elapsed time > 5s
user system elapsed
opposite 7.355 0.012 8.978
grapes-XOR-grapes 6.845 0.142 8.047
grapes-AND-grapes 4.751 0.071 5.711
grapes-OR-grapes 4.793 0.003 5.805
condition 4.523 0.073 5.274
nmarank 4.458 0.060 6.115
Flavor: r-devel-linux-x86_64-debian-clang
Version: 0.3-0
Check: examples
Result: NOTE
Examples with CPU (user + system) or elapsed time > 5s
user system elapsed
opposite 4.143 0.08 5.207
grapes-XOR-grapes 3.756 0.25 5.068
Flavor: r-devel-linux-x86_64-debian-gcc