Last updated on 2025-04-30 04:50:13 CEST.
Flavor | Version | Tinstall | Tcheck | Ttotal | Status | Flags |
---|---|---|---|---|---|---|
r-devel-linux-x86_64-debian-clang | 7.3-20 | 2.87 | 21.95 | 24.82 | NOTE | |
r-devel-linux-x86_64-debian-gcc | 7.3-20 | 2.39 | 17.22 | 19.61 | NOTE | |
r-devel-linux-x86_64-fedora-clang | 7.3-20 | 40.81 | OK | |||
r-devel-linux-x86_64-fedora-gcc | 7.3-20 | 38.57 | OK | |||
r-devel-windows-x86_64 | 7.3-20 | 7.00 | 48.00 | 55.00 | OK | |
r-patched-linux-x86_64 | 7.3-20 | 2.95 | 21.27 | 24.22 | OK | |
r-release-linux-x86_64 | 7.3-20 | 2.95 | 20.99 | 23.94 | OK | |
r-release-macos-arm64 | 7.3-20 | 17.00 | OK | |||
r-release-macos-x86_64 | 7.3-20 | 37.00 | OK | |||
r-release-windows-x86_64 | 7.3-20 | 9.00 | 47.00 | 56.00 | OK | |
r-oldrel-macos-arm64 | 7.3-20 | 23.00 | OK | |||
r-oldrel-macos-x86_64 | 7.3-20 | 63.00 | OK | |||
r-oldrel-windows-x86_64 | 7.3-20 | 8.00 | 47.00 | 55.00 | OK |
Version: 7.3-20
Check: CRAN incoming feasibility
Result: NOTE
Maintainer: ‘Brian Ripley <Brian.Ripley@R-project.org>’
Package CITATION file contains call(s) to old-style personList() or
as.personList(). Please use c() on person objects instead.
Package CITATION file contains call(s) to old-style citEntry(). Please
use bibentry() instead.
Flavors: r-devel-linux-x86_64-debian-clang, r-devel-linux-x86_64-debian-gcc