Last updated on 2025-04-30 04:50:13 CEST.
Flavor | Version | Tinstall | Tcheck | Ttotal | Status | Flags |
---|---|---|---|---|---|---|
r-devel-linux-x86_64-debian-clang | 0.2.9 | 101.43 | 53.68 | 155.11 | OK | |
r-devel-linux-x86_64-debian-gcc | 0.2.9 | 81.08 | 38.75 | 119.83 | OK | |
r-devel-linux-x86_64-fedora-clang | 0.2.9 | 296.08 | OK | |||
r-devel-linux-x86_64-fedora-gcc | 0.2.9 | 328.32 | OK | |||
r-devel-windows-x86_64 | 0.2.9 | 123.00 | 131.00 | 254.00 | OK | |
r-patched-linux-x86_64 | 0.2.9 | 110.93 | 51.04 | 161.97 | OK | |
r-release-linux-x86_64 | 0.2.9 | 113.42 | 51.24 | 164.66 | OK | |
r-release-macos-arm64 | 0.2.9 | 89.00 | OK | |||
r-release-macos-x86_64 | 0.2.9 | 134.00 | OK | |||
r-release-windows-x86_64 | 0.2.9 | 113.00 | 134.00 | 247.00 | OK | |
r-oldrel-macos-arm64 | 0.2.9 | 89.00 | NOTE | |||
r-oldrel-macos-x86_64 | 0.2.9 | 91.00 | NOTE | |||
r-oldrel-windows-x86_64 | 0.2.9 | 139.00 | 137.00 | 276.00 | OK |
Version: 0.2.9
Check: installed package size
Result: NOTE
installed size is 11.0Mb
sub-directories of 1Mb or more:
libs 10.4Mb
Flavors: r-oldrel-macos-arm64, r-oldrel-macos-x86_64