Last updated on 2025-04-30 04:50:13 CEST.
Flavor | Version | Tinstall | Tcheck | Ttotal | Status | Flags |
---|---|---|---|---|---|---|
r-devel-linux-x86_64-debian-clang | 0.1.2 | 17.64 | 151.94 | 169.58 | NOTE | |
r-devel-linux-x86_64-debian-gcc | 0.1.2 | 11.25 | 102.70 | 113.95 | NOTE | |
r-devel-linux-x86_64-fedora-clang | 0.1.2 | 282.60 | OK | |||
r-devel-linux-x86_64-fedora-gcc | 0.1.2 | 271.61 | OK | |||
r-devel-windows-x86_64 | 0.1.2 | 19.00 | 196.00 | 215.00 | OK | |
r-patched-linux-x86_64 | 0.1.2 | 22.13 | 141.33 | 163.46 | OK | |
r-release-linux-x86_64 | 0.1.2 | 16.02 | 141.47 | 157.49 | OK | |
r-release-macos-arm64 | 0.1.2 | 106.00 | OK | |||
r-release-macos-x86_64 | 0.1.2 | 130.00 | OK | |||
r-release-windows-x86_64 | 0.1.2 | 15.00 | 186.00 | 201.00 | OK | |
r-oldrel-macos-arm64 | 0.1.2 | 111.00 | OK | |||
r-oldrel-macos-x86_64 | 0.1.2 | 99.00 | OK | |||
r-oldrel-windows-x86_64 | 0.1.2 | 21.00 | 207.00 | 228.00 | OK |
Version: 0.1.2
Check: CRAN incoming feasibility
Result: NOTE
Maintainer: ‘Elvan Ceyhan <elvanceyhan@gmail.com>’
No Authors@R field in DESCRIPTION.
Please add one, modifying
Authors@R: person(given = "Elvan",
family = "Ceyhan",
role = c("aut", "cre"),
email = "elvanceyhan@gmail.com")
as necessary.
Flavors: r-devel-linux-x86_64-debian-clang, r-devel-linux-x86_64-debian-gcc
Version: 0.1.2
Check: examples
Result: NOTE
Examples with CPU (user + system) or elapsed time > 5s
user system elapsed
ZTrun 8.235 0.347 10.920
funsZTkinv 6.186 0.592 8.461
varTkinv.sim 5.384 0.428 7.211
funsVarTrun 5.332 0.329 6.566
Flavor: r-devel-linux-x86_64-debian-clang
Version: 0.1.2
Check: examples
Result: NOTE
Examples with CPU (user + system) or elapsed time > 5s
user system elapsed
ZTrun 4.254 0.564 5.265
Flavor: r-devel-linux-x86_64-debian-gcc