Last updated on 2025-04-30 04:50:13 CEST.
Flavor | Version | Tinstall | Tcheck | Ttotal | Status | Flags |
---|---|---|---|---|---|---|
r-devel-linux-x86_64-debian-clang | 1.4.2 | 35.58 | 297.76 | 333.34 | NOTE | |
r-devel-linux-x86_64-debian-gcc | 1.4.2 | 21.10 | 192.47 | 213.57 | NOTE | |
r-devel-linux-x86_64-fedora-clang | 1.4.2 | 539.46 | OK | |||
r-devel-linux-x86_64-fedora-gcc | 1.4.2 | 513.16 | OK | |||
r-devel-windows-x86_64 | 1.4.2 | 29.00 | 250.00 | 279.00 | NOTE | |
r-patched-linux-x86_64 | 1.4.2 | 33.98 | 277.53 | 311.51 | NOTE | |
r-release-linux-x86_64 | 1.4.2 | 32.57 | 277.81 | 310.38 | NOTE | |
r-release-macos-arm64 | 1.4.2 | 114.00 | OK | |||
r-release-macos-x86_64 | 1.4.2 | 237.00 | OK | |||
r-release-windows-x86_64 | 1.4.2 | 30.00 | 260.00 | 290.00 | NOTE | |
r-oldrel-macos-arm64 | 1.4.2 | 108.00 | OK | |||
r-oldrel-macos-x86_64 | 1.4.2 | 181.00 | OK | |||
r-oldrel-windows-x86_64 | 1.4.2 | 39.00 | 325.00 | 364.00 | OK |
Version: 1.4.2
Check: CRAN incoming feasibility
Result: NOTE
Maintainer: ‘Michael Krabbe Borregaard <mkborregaard@sund.ku.dk>’
No Authors@R field in DESCRIPTION.
Please add one, modifying
Authors@R: person(given = c("Michael", "Krabbe"),
family = "Borregaard",
role = c("aut", "cre"),
email = "mkborregaard@sund.ku.dk")
as necessary.
Flavors: r-devel-linux-x86_64-debian-clang, r-devel-linux-x86_64-debian-gcc
Version: 1.4.2
Check: Rd cross-references
Result: NOTE
Found the following Rd file(s) with Rd \link{} targets missing package
anchors:
phyplot.Rd: axisPhylo
Please provide package anchors for all Rd \link{} targets not in the
package itself and the base packages.
Flavors: r-devel-linux-x86_64-debian-clang, r-devel-linux-x86_64-debian-gcc, r-devel-windows-x86_64, r-patched-linux-x86_64, r-release-linux-x86_64, r-release-windows-x86_64