CRAN Package Check Results for Package noisyCE2

Last updated on 2025-04-30 04:50:13 CEST.

Flavor Version Tinstall Tcheck Ttotal Status Flags
r-devel-linux-x86_64-debian-clang 1.1.0 2.00 21.91 23.91 NOTE
r-devel-linux-x86_64-debian-gcc 1.1.0 1.61 18.51 20.12 NOTE
r-devel-linux-x86_64-fedora-clang 1.1.0 36.45 OK
r-devel-linux-x86_64-fedora-gcc 1.1.0 34.55 OK
r-devel-windows-x86_64 1.1.0 3.00 48.00 51.00 OK
r-patched-linux-x86_64 1.1.0 1.93 20.36 22.29 OK
r-release-linux-x86_64 1.1.0 1.98 20.10 22.08 OK
r-release-macos-arm64 1.1.0 19.00 OK
r-release-macos-x86_64 1.1.0 29.00 OK
r-release-windows-x86_64 1.1.0 3.00 45.00 48.00 OK
r-oldrel-macos-arm64 1.1.0 16.00 NOTE
r-oldrel-macos-x86_64 1.1.0 28.00 NOTE
r-oldrel-windows-x86_64 1.1.0 4.00 45.00 49.00 NOTE

Check Details

Version: 1.1.0
Check: CRAN incoming feasibility
Result: NOTE Maintainer: ‘Flavio Santi <flavio.santi@univr.it>’ Package CITATION file contains call(s) to old-style personList() or as.personList(). Please use c() on person objects instead. Package CITATION file contains call(s) to old-style citEntry(). Please use bibentry() instead. Found the following URLs which should use \doi (with the DOI name only): File ‘noisyCE2-package.Rd’: https://doi.org/10.1080/10618600.2016.1278003 Flavors: r-devel-linux-x86_64-debian-clang, r-devel-linux-x86_64-debian-gcc

Version: 1.1.0
Check: LazyData
Result: NOTE 'LazyData' is specified without a 'data' directory Flavors: r-oldrel-macos-arm64, r-oldrel-macos-x86_64, r-oldrel-windows-x86_64