Last updated on 2025-04-30 04:50:13 CEST.
Flavor | Version | Tinstall | Tcheck | Ttotal | Status | Flags |
---|---|---|---|---|---|---|
r-devel-linux-x86_64-debian-clang | 1.0.0 | 3.96 | 166.84 | 170.80 | NOTE | |
r-devel-linux-x86_64-debian-gcc | 1.0.0 | 2.63 | 112.53 | 115.16 | NOTE | |
r-devel-linux-x86_64-fedora-clang | 1.0.0 | 283.70 | OK | |||
r-devel-linux-x86_64-fedora-gcc | 1.0.0 | 278.28 | OK | |||
r-devel-windows-x86_64 | 1.0.0 | 6.00 | 184.00 | 190.00 | OK | |
r-patched-linux-x86_64 | 1.0.0 | 3.56 | 157.46 | 161.02 | OK | |
r-release-linux-x86_64 | 1.0.0 | 3.47 | 156.80 | 160.27 | OK | |
r-release-macos-arm64 | 1.0.0 | 101.00 | OK | |||
r-release-macos-x86_64 | 1.0.0 | 191.00 | OK | |||
r-release-windows-x86_64 | 1.0.0 | 6.00 | 197.00 | 203.00 | OK | |
r-oldrel-macos-arm64 | 1.0.0 | 89.00 | OK | |||
r-oldrel-macos-x86_64 | 1.0.0 | 149.00 | OK | |||
r-oldrel-windows-x86_64 | 1.0.0 | 7.00 | 236.00 | 243.00 | OK |
Version: 1.0.0
Check: examples
Result: NOTE
Examples with CPU (user + system) or elapsed time > 5s
user system elapsed
calculate_expression_profile 6.03 0.185 7.826
Flavor: r-devel-linux-x86_64-debian-clang
Version: 1.0.0
Check: examples
Result: NOTE
Examples with CPU (user + system) or elapsed time > 5s
user system elapsed
calculate_expression_profile 3.911 0.261 5.537
Flavor: r-devel-linux-x86_64-debian-gcc