CRAN Package Check Results for Package noncompliance

Last updated on 2025-04-30 04:50:13 CEST.

Flavor Version Tinstall Tcheck Ttotal Status Flags
r-devel-linux-x86_64-debian-clang 0.2.2 15.15 43.74 58.89 NOTE
r-devel-linux-x86_64-debian-gcc 0.2.2 11.16 31.05 42.21 OK
r-devel-linux-x86_64-fedora-clang 0.2.2 99.77 NOTE
r-devel-linux-x86_64-fedora-gcc 0.2.2 98.01 NOTE
r-devel-windows-x86_64 0.2.2 18.00 87.00 105.00 OK
r-patched-linux-x86_64 0.2.2 15.75 41.58 57.33 OK
r-release-linux-x86_64 0.2.2 14.31 41.02 55.33 OK
r-release-macos-arm64 0.2.2 35.00 OK
r-release-macos-x86_64 0.2.2 89.00 OK
r-release-windows-x86_64 0.2.2 15.00 87.00 102.00 OK
r-oldrel-macos-arm64 0.2.2 29.00 NOTE
r-oldrel-macos-x86_64 0.2.2 53.00 NOTE
r-oldrel-windows-x86_64 0.2.2 15.00 97.00 112.00 NOTE

Check Details

Version: 0.2.2
Check: examples
Result: NOTE Examples with CPU (user + system) or elapsed time > 5s user system elapsed Get_pvalues_CONT 6.436 0.095 7.570 ACE_bounds_posterior 6.021 0.057 7.367 Flavor: r-devel-linux-x86_64-debian-clang

Version: 0.2.2
Check: compiled code
Result: NOTE File ‘noncompliance/libs/noncompliance.so’: Found no calls to: ‘R_registerRoutines’, ‘R_useDynamicSymbols’ It is good practice to register native routines and to disable symbol search. See ‘Writing portable packages’ in the ‘Writing R Extensions’ manual. Flavors: r-devel-linux-x86_64-fedora-clang, r-devel-linux-x86_64-fedora-gcc

Version: 0.2.2
Check: LazyData
Result: NOTE 'LazyData' is specified without a 'data' directory Flavors: r-oldrel-macos-arm64, r-oldrel-macos-x86_64, r-oldrel-windows-x86_64