Last updated on 2025-04-30 04:50:13 CEST.
Flavor | Version | Tinstall | Tcheck | Ttotal | Status | Flags |
---|---|---|---|---|---|---|
r-devel-linux-x86_64-debian-clang | 0.4.0 | 14.03 | 198.61 | 212.64 | NOTE | |
r-devel-linux-x86_64-debian-gcc | 0.4.0 | 10.58 | 144.83 | 155.41 | OK | |
r-devel-linux-x86_64-fedora-clang | 0.4.0 | 308.24 | NOTE | |||
r-devel-linux-x86_64-fedora-gcc | 0.4.0 | 322.70 | NOTE | |||
r-devel-windows-x86_64 | 0.4.0 | 13.00 | 205.00 | 218.00 | OK | |
r-patched-linux-x86_64 | 0.4.0 | 13.09 | 181.67 | 194.76 | OK | |
r-release-linux-x86_64 | 0.4.0 | 11.91 | 178.61 | 190.52 | OK | |
r-release-macos-arm64 | 0.4.0 | 107.00 | OK | |||
r-release-macos-x86_64 | 0.4.0 | 333.00 | OK | |||
r-release-windows-x86_64 | 0.4.0 | 15.00 | 215.00 | 230.00 | OK | |
r-oldrel-macos-arm64 | 0.4.0 | 99.00 | OK | |||
r-oldrel-macos-x86_64 | 0.4.0 | 145.00 | OK | |||
r-oldrel-windows-x86_64 | 0.4.0 | 19.00 | 262.00 | 281.00 | OK |
Version: 0.4.0
Check: examples
Result: NOTE
Examples with CPU (user + system) or elapsed time > 5s
user system elapsed
nonet_ensemble 4.399 0.158 5.422
Flavor: r-devel-linux-x86_64-debian-clang
Version: 0.4.0
Check: dependencies in R code
Result: NOTE
Namespaces in Imports field not imported from:
‘dplyr’ ‘e1071’ ‘pROC’ ‘purrr’ ‘randomForest’ ‘rlang’
All declared Imports should be used.
Flavors: r-devel-linux-x86_64-fedora-clang, r-devel-linux-x86_64-fedora-gcc