Last updated on 2025-02-21 03:52:20 CET.
Flavor | Version | Tinstall | Tcheck | Ttotal | Status | Flags |
---|---|---|---|---|---|---|
r-devel-linux-x86_64-debian-clang | 0.1.6 | 32.44 | 179.31 | 211.75 | OK | |
r-devel-linux-x86_64-debian-gcc | 0.1.6 | 24.65 | 133.51 | 158.16 | OK | |
r-devel-linux-x86_64-fedora-clang | 0.1.6 | 387.82 | OK | |||
r-devel-linux-x86_64-fedora-gcc | 0.1.6 | 385.97 | OK | |||
r-devel-macos-arm64 | 0.1.6 | 125.00 | OK | |||
r-devel-macos-x86_64 | 0.1.6 | 330.00 | OK | |||
r-devel-windows-x86_64 | 0.1.6 | 50.00 | 261.00 | 311.00 | OK | |
r-patched-linux-x86_64 | 0.1.6 | 35.02 | 173.56 | 208.58 | OK | |
r-release-linux-x86_64 | 0.1.6 | 33.19 | 172.73 | 205.92 | OK | |
r-release-macos-arm64 | 0.1.6 | 128.00 | NOTE | |||
r-release-macos-x86_64 | 0.1.6 | 222.00 | NOTE | |||
r-release-windows-x86_64 | 0.1.6 | 53.00 | 268.00 | 321.00 | NOTE | |
r-oldrel-macos-arm64 | 0.1.6 | 122.00 | NOTE | |||
r-oldrel-macos-x86_64 | 0.1.6 | 224.00 | NOTE | |||
r-oldrel-windows-x86_64 | 0.1.6 | 59.00 | 310.00 | 369.00 | NOTE |
Version: 0.1.6
Check: installed package size
Result: NOTE
installed size is 9.3Mb
sub-directories of 1Mb or more:
libs 5.2Mb
mods 3.3Mb
Flavors: r-release-macos-arm64, r-release-macos-x86_64, r-release-windows-x86_64, r-oldrel-macos-arm64, r-oldrel-macos-x86_64, r-oldrel-windows-x86_64