CRAN Package Check Results for Package nonmem2rx

Last updated on 2025-04-30 04:50:13 CEST.

Flavor Version Tinstall Tcheck Ttotal Status Flags
r-devel-linux-x86_64-debian-clang 0.1.6 35.28 190.38 225.66 OK
r-devel-linux-x86_64-debian-gcc 0.1.6 24.64 136.38 161.02 OK
r-devel-linux-x86_64-fedora-clang 0.1.6 345.47 OK
r-devel-linux-x86_64-fedora-gcc 0.1.6 407.23 OK
r-devel-windows-x86_64 0.1.6 54.00 274.00 328.00 OK
r-patched-linux-x86_64 0.1.6 33.17 182.59 215.76 OK
r-release-linux-x86_64 0.1.6 34.72 181.82 216.54 OK
r-release-macos-arm64 0.1.6 125.00 OK
r-release-macos-x86_64 0.1.6 322.00 OK
r-release-windows-x86_64 0.1.6 57.00 286.00 343.00 OK
r-oldrel-macos-arm64 0.1.6 128.00 NOTE
r-oldrel-macos-x86_64 0.1.6 222.00 NOTE
r-oldrel-windows-x86_64 0.1.6 57.00 361.00 418.00 NOTE

Check Details

Version: 0.1.6
Check: installed package size
Result: NOTE installed size is 9.3Mb sub-directories of 1Mb or more: libs 5.2Mb mods 3.3Mb Flavors: r-oldrel-macos-arm64, r-oldrel-macos-x86_64, r-oldrel-windows-x86_64