Last updated on 2025-04-30 04:50:13 CEST.
Flavor | Version | Tinstall | Tcheck | Ttotal | Status | Flags |
---|---|---|---|---|---|---|
r-devel-linux-x86_64-debian-clang | 0.1.6-1 | 10.26 | 22.48 | 32.74 | NOTE | |
r-devel-linux-x86_64-debian-gcc | 0.1.6-1 | 7.96 | 18.19 | 26.15 | NOTE | |
r-devel-linux-x86_64-fedora-clang | 0.1.6-1 | 57.32 | OK | |||
r-devel-linux-x86_64-fedora-gcc | 0.1.6-1 | 57.14 | OK | |||
r-devel-windows-x86_64 | 0.1.6-1 | 14.00 | 68.00 | 82.00 | OK | |
r-patched-linux-x86_64 | 0.1.6-1 | 10.48 | 21.77 | 32.25 | OK | |
r-release-linux-x86_64 | 0.1.6-1 | 11.40 | 21.94 | 33.34 | OK | |
r-release-macos-arm64 | 0.1.6-1 | 25.00 | OK | |||
r-release-macos-x86_64 | 0.1.6-1 | 42.00 | OK | |||
r-release-windows-x86_64 | 0.1.6-1 | 15.00 | 67.00 | 82.00 | OK | |
r-oldrel-macos-arm64 | 0.1.6-1 | 21.00 | OK | |||
r-oldrel-macos-x86_64 | 0.1.6-1 | 30.00 | OK | |||
r-oldrel-windows-x86_64 | 0.1.6-1 | 13.00 | 82.00 | 95.00 | OK |
Version: 0.1.6-1
Check: CRAN incoming feasibility
Result: NOTE
Maintainer: ‘David Cortes <david.cortes.rivera@gmail.com>’
No Authors@R field in DESCRIPTION.
Please add one, modifying
Authors@R: person(given = "David",
family = "Cortes",
role = c("aut", "cre"),
email = "david.cortes.rivera@gmail.com")
as necessary.
Flavors: r-devel-linux-x86_64-debian-clang, r-devel-linux-x86_64-debian-gcc