Last updated on 2025-04-30 04:50:13 CEST.
Flavor | Version | Tinstall | Tcheck | Ttotal | Status | Flags |
---|---|---|---|---|---|---|
r-devel-linux-x86_64-debian-clang | 2.0.0 | 11.28 | 148.72 | 160.00 | NOTE | |
r-devel-linux-x86_64-debian-gcc | 2.0.0 | 8.41 | 101.57 | 109.98 | OK | |
r-devel-linux-x86_64-fedora-clang | 2.0.0 | 256.26 | OK | |||
r-devel-linux-x86_64-fedora-gcc | 2.0.0 | 245.72 | OK | |||
r-devel-windows-x86_64 | 2.0.0 | 13.00 | 150.00 | 163.00 | OK | |
r-patched-linux-x86_64 | 2.0.0 | 11.27 | 137.24 | 148.51 | OK | |
r-release-linux-x86_64 | 2.0.0 | 10.97 | 138.21 | 149.18 | OK | |
r-release-macos-arm64 | 2.0.0 | 62.00 | OK | |||
r-release-macos-x86_64 | 2.0.0 | 121.00 | OK | |||
r-release-windows-x86_64 | 2.0.0 | 13.00 | 150.00 | 163.00 | OK | |
r-oldrel-macos-arm64 | 2.0.0 | 55.00 | OK | |||
r-oldrel-macos-x86_64 | 2.0.0 | 89.00 | OK | |||
r-oldrel-windows-x86_64 | 2.0.0 | 17.00 | 166.00 | 183.00 | OK |
Version: 2.0.0
Check: examples
Result: NOTE
Examples with CPU (user + system) or elapsed time > 5s
user system elapsed
NOSM_POT_dir 6.730 0.155 8.557
summary.NOSM 6.767 0.001 7.822
Flavor: r-devel-linux-x86_64-debian-clang