Last updated on 2025-04-30 04:50:13 CEST.
Flavor | Version | Tinstall | Tcheck | Ttotal | Status | Flags |
---|---|---|---|---|---|---|
r-devel-linux-x86_64-debian-clang | 0.13.1 | 5.15 | 68.05 | 73.20 | NOTE | |
r-devel-linux-x86_64-debian-gcc | 0.13.1 | 3.44 | 49.73 | 53.17 | OK | |
r-devel-linux-x86_64-fedora-clang | 0.13.1 | 105.34 | OK | |||
r-devel-linux-x86_64-fedora-gcc | 0.13.1 | 112.96 | OK | |||
r-devel-windows-x86_64 | 0.13.1 | 7.00 | 91.00 | 98.00 | OK | |
r-patched-linux-x86_64 | 0.13.1 | 5.23 | 62.08 | 67.31 | OK | |
r-release-linux-x86_64 | 0.13.1 | 5.15 | 63.04 | 68.19 | OK | |
r-release-macos-arm64 | 0.13.1 | 39.00 | OK | |||
r-release-macos-x86_64 | 0.13.1 | 71.00 | OK | |||
r-release-windows-x86_64 | 0.13.1 | 8.00 | 96.00 | 104.00 | OK | |
r-oldrel-macos-arm64 | 0.13.1 | 40.00 | OK | |||
r-oldrel-macos-x86_64 | 0.13.1 | 58.00 | OK | |||
r-oldrel-windows-x86_64 | 0.13.1 | 9.00 | 104.00 | 113.00 | OK |
Version: 0.13.1
Check: examples
Result: NOTE
Examples with CPU (user + system) or elapsed time > 5s
user system elapsed
plot_richness 4.64 0.107 7.152
Flavor: r-devel-linux-x86_64-debian-clang