Last updated on 2025-04-30 04:50:13 CEST.
Flavor | Version | Tinstall | Tcheck | Ttotal | Status | Flags |
---|---|---|---|---|---|---|
r-devel-linux-x86_64-debian-clang | 0.60-18 | 53.10 | 384.90 | 438.00 | NOTE | |
r-devel-linux-x86_64-debian-gcc | 0.60-18 | 38.98 | 259.03 | 298.01 | NOTE | |
r-devel-linux-x86_64-fedora-clang | 0.60-18 | 694.88 | OK | |||
r-devel-linux-x86_64-fedora-gcc | 0.60-18 | 718.48 | OK | |||
r-devel-windows-x86_64 | 0.60-18 | 62.00 | 151.00 | 213.00 | OK | --no-examples --no-tests --no-vignettes |
r-patched-linux-x86_64 | 0.60-18 | 61.39 | 367.60 | 428.99 | NOTE | |
r-release-linux-x86_64 | 0.60-18 | 56.54 | 364.35 | 420.89 | NOTE | |
r-release-macos-arm64 | 0.60-18 | 269.00 | OK | |||
r-release-macos-x86_64 | 0.60-18 | 499.00 | OK | |||
r-release-windows-x86_64 | 0.60-18 | 63.00 | 153.00 | 216.00 | OK | --no-examples --no-tests --no-vignettes |
r-oldrel-macos-arm64 | 0.60-18 | 180.00 | OK | |||
r-oldrel-macos-x86_64 | 0.60-18 | 402.00 | OK | |||
r-oldrel-windows-x86_64 | 0.60-18 | 77.00 | 136.00 | 213.00 | OK | --no-examples --no-tests --no-vignettes |
Version: 0.60-18
Check: for unstated dependencies in ‘demo’
Result: NOTE
'::' or ':::' import not declared from: ‘crs’
'library' or 'require' call not declared from: ‘crs’
Flavors: r-devel-linux-x86_64-debian-clang, r-devel-linux-x86_64-debian-gcc, r-patched-linux-x86_64, r-release-linux-x86_64