Last updated on 2025-04-30 04:50:13 CEST.
Flavor | Version | Tinstall | Tcheck | Ttotal | Status | Flags |
---|---|---|---|---|---|---|
r-devel-linux-x86_64-debian-clang | 0.2 | 2.81 | 81.63 | 84.44 | NOTE | |
r-devel-linux-x86_64-debian-gcc | 0.2 | 2.04 | 54.45 | 56.49 | OK | |
r-devel-linux-x86_64-fedora-clang | 0.2 | 145.93 | OK | |||
r-devel-linux-x86_64-fedora-gcc | 0.2 | 140.98 | OK | |||
r-devel-windows-x86_64 | 0.2 | 4.00 | 112.00 | 116.00 | OK | |
r-patched-linux-x86_64 | 0.2 | 2.80 | 76.22 | 79.02 | OK | |
r-release-linux-x86_64 | 0.2 | 2.82 | 76.71 | 79.53 | OK | |
r-release-macos-arm64 | 0.2 | 45.00 | OK | |||
r-release-macos-x86_64 | 0.2 | 93.00 | OK | |||
r-release-windows-x86_64 | 0.2 | 4.00 | 115.00 | 119.00 | OK | |
r-oldrel-macos-arm64 | 0.2 | 35.00 | OK | |||
r-oldrel-macos-x86_64 | 0.2 | 58.00 | OK | |||
r-oldrel-windows-x86_64 | 0.2 | 5.00 | 124.00 | 129.00 | OK |
Version: 0.2
Check: examples
Result: NOTE
Examples with CPU (user + system) or elapsed time > 5s
user system elapsed
npMeanUnpaired 3.884 0.004 5.163
Flavor: r-devel-linux-x86_64-debian-clang