CRAN Package Check Results for Package npIntFactRep

Last updated on 2025-04-30 04:50:13 CEST.

Flavor Version Tinstall Tcheck Ttotal Status Flags
r-devel-linux-x86_64-debian-clang 1.5 11.86 81.74 93.60 NOTE
r-devel-linux-x86_64-debian-gcc 1.5 7.77 58.71 66.48 NOTE
r-devel-linux-x86_64-fedora-clang 1.5 141.74 OK
r-devel-linux-x86_64-fedora-gcc 1.5 133.61 OK
r-devel-windows-x86_64 1.5 11.00 92.00 103.00 OK
r-patched-linux-x86_64 1.5 9.84 77.32 87.16 OK
r-release-linux-x86_64 1.5 9.77 77.91 87.68 OK
r-release-macos-arm64 1.5 49.00 OK
r-release-macos-x86_64 1.5 77.00 OK
r-release-windows-x86_64 1.5 13.00 94.00 107.00 OK
r-oldrel-macos-arm64 1.5 39.00 OK
r-oldrel-macos-x86_64 1.5 56.00 OK
r-oldrel-windows-x86_64 1.5 13.00 109.00 122.00 OK

Check Details

Version: 1.5
Check: CRAN incoming feasibility
Result: NOTE Maintainer: ‘Jos Feys <jos.feys@faber.kuleuven.be>’ No Authors@R field in DESCRIPTION. Please add one, modifying Authors@R: person(given = "Jos", family = "Feys", role = c("aut", "cre"), email = "jos.feys@faber.kuleuven.be") as necessary. Flavors: r-devel-linux-x86_64-debian-clang, r-devel-linux-x86_64-debian-gcc