Last updated on 2025-04-30 04:50:13 CEST.
Flavor | Version | Tinstall | Tcheck | Ttotal | Status | Flags |
---|---|---|---|---|---|---|
r-devel-linux-x86_64-debian-clang | 0.8 | 5.73 | 55.31 | 61.04 | NOTE | |
r-devel-linux-x86_64-debian-gcc | 0.8 | 4.30 | 39.58 | 43.88 | NOTE | |
r-devel-linux-x86_64-fedora-clang | 0.8 | 87.68 | OK | |||
r-devel-linux-x86_64-fedora-gcc | 0.8 | 82.78 | OK | |||
r-devel-windows-x86_64 | 0.8 | 8.00 | 86.00 | 94.00 | OK | |
r-patched-linux-x86_64 | 0.8 | 5.08 | 52.78 | 57.86 | OK | |
r-release-linux-x86_64 | 0.8 | 5.82 | 51.45 | 57.27 | OK | |
r-release-macos-arm64 | 0.8 | 30.00 | OK | |||
r-release-macos-x86_64 | 0.8 | 52.00 | OK | |||
r-release-windows-x86_64 | 0.8 | 8.00 | 85.00 | 93.00 | OK | |
r-oldrel-macos-arm64 | 0.8 | 31.00 | OK | |||
r-oldrel-macos-x86_64 | 0.8 | 44.00 | OK | |||
r-oldrel-windows-x86_64 | 0.8 | 8.00 | 91.00 | 99.00 | OK |
Version: 0.8
Check: CRAN incoming feasibility
Result: NOTE
Maintainer: ‘Christine Blume <christine.blume@sbg.ac.at>’
No Authors@R field in DESCRIPTION.
Please add one, modifying
Authors@R: c(person(given = c("Christine", "Blume", "Nayantara", "Santhi", "<n.santhi@surrey.ac.uk>", "Manuel", "Schabus"),
family = "<manuel.schabus@sbg.ac.at>",
role = "aut",
email = "manuel.schabus@sbg.ac.at"),
person(given = "Christine",
family = "Blume",
role = "cre",
email = "christine.blume@sbg.ac.at"))
as necessary.
File 'R/nparACT-internal.R' sets .Random.seed.
This is usually neither needed nor wanted.
Flavors: r-devel-linux-x86_64-debian-clang, r-devel-linux-x86_64-debian-gcc
Version: 0.8
Check: examples
Result: NOTE
Examples with CPU (user + system) or elapsed time > 5s
user system elapsed
nparACT-package 3.221 0.164 5.163
Flavor: r-devel-linux-x86_64-debian-clang