CRAN Package Check Results for Package nparMD

Last updated on 2025-04-30 04:50:13 CEST.

Flavor Version Tinstall Tcheck Ttotal Status Flags
r-devel-linux-x86_64-debian-clang 0.2.1 2.53 22.89 25.42 NOTE
r-devel-linux-x86_64-debian-gcc 0.2.1 1.76 18.04 19.80 NOTE
r-devel-linux-x86_64-fedora-clang 0.2.1 40.52 OK
r-devel-linux-x86_64-fedora-gcc 0.2.1 37.23 OK
r-devel-windows-x86_64 0.2.1 4.00 51.00 55.00 OK
r-patched-linux-x86_64 0.2.1 2.37 22.19 24.56 OK
r-release-linux-x86_64 0.2.1 2.42 21.95 24.37 OK
r-release-macos-arm64 0.2.1 19.00 OK
r-release-macos-x86_64 0.2.1 34.00 OK
r-release-windows-x86_64 0.2.1 4.00 51.00 55.00 OK
r-oldrel-macos-arm64 0.2.1 16.00 OK
r-oldrel-macos-x86_64 0.2.1 23.00 OK
r-oldrel-windows-x86_64 0.2.1 4.00 48.00 52.00 OK

Check Details

Version: 0.2.1
Check: CRAN incoming feasibility
Result: NOTE Maintainer: ‘Maximilian Kiefel <physik210@hotmail.com>’ No Authors@R field in DESCRIPTION. Please add one, modifying Authors@R: c(person(given = "Maximilian", family = "Kiefel", role = c("aut", "cre"), email = "physik210@hotmail.com"), person(given = c("Arne", "C."), family = "Bathke", role = "aut")) as necessary. Flavors: r-devel-linux-x86_64-debian-clang, r-devel-linux-x86_64-debian-gcc