Last updated on 2025-04-30 04:50:13 CEST.
Flavor | Version | Tinstall | Tcheck | Ttotal | Status | Flags |
---|---|---|---|---|---|---|
r-devel-linux-x86_64-debian-clang | 0.3.2 | 4.58 | 176.14 | 180.72 | NOTE | |
r-devel-linux-x86_64-debian-gcc | 0.3.2 | 3.18 | 105.27 | 108.45 | OK | |
r-devel-linux-x86_64-fedora-clang | 0.3.2 | 301.40 | OK | |||
r-devel-linux-x86_64-fedora-gcc | 0.3.2 | 278.11 | OK | |||
r-devel-windows-x86_64 | 0.3.2 | 8.00 | 191.00 | 199.00 | OK | |
r-patched-linux-x86_64 | 0.3.2 | 6.26 | 165.28 | 171.54 | OK | |
r-release-linux-x86_64 | 0.3.2 | 3.73 | 164.47 | 168.20 | OK | |
r-release-macos-arm64 | 0.3.2 | 65.00 | OK | |||
r-release-macos-x86_64 | 0.3.2 | 137.00 | OK | |||
r-release-windows-x86_64 | 0.3.2 | 8.00 | 191.00 | 199.00 | OK | |
r-oldrel-macos-arm64 | 0.3.2 | 67.00 | OK | |||
r-oldrel-macos-x86_64 | 0.3.2 | 124.00 | OK | |||
r-oldrel-windows-x86_64 | 0.3.2 | 8.00 | 263.00 | 271.00 | OK |
Version: 0.3.2
Check: examples
Result: NOTE
Examples with CPU (user + system) or elapsed time > 5s
user system elapsed
replext_t2_c1.1 4.663 0.237 6.718
replext_ts3_c3.2 4.194 0.000 5.267
replext_ts2_c3.1 4.090 0.015 5.531
replext_ts2_c2.2 3.977 0.012 5.229
replext_ts3_c1.1 3.953 0.000 5.450
replext_ts3_c4.2 3.949 0.000 5.414
replext_ts2_c2.1 3.925 0.020 5.790
replext_ts2_c4.2 3.901 0.000 5.163
replext_ts2_c1.1 3.852 0.000 5.158
replext_ts2_c1.2 3.806 0.000 5.452
Flavor: r-devel-linux-x86_64-debian-clang