Last updated on 2025-11-04 03:51:00 CET.
| Flavor | Version | Tinstall | Tcheck | Ttotal | Status | Flags | 
|---|---|---|---|---|---|---|
| r-devel-linux-x86_64-debian-clang | 1.8 | 9.95 | 127.22 | 137.17 | NOTE | |
| r-devel-linux-x86_64-debian-gcc | 1.8 | 7.32 | 94.07 | 101.39 | NOTE | |
| r-devel-linux-x86_64-fedora-clang | 1.8 | 21.00 | 187.03 | 208.03 | OK | |
| r-devel-linux-x86_64-fedora-gcc | 1.8 | 21.00 | 195.40 | 216.40 | OK | |
| r-devel-windows-x86_64 | 1.8 | 15.00 | 159.00 | 174.00 | OK | |
| r-patched-linux-x86_64 | 1.8 | 10.66 | 124.48 | 135.14 | OK | |
| r-release-linux-x86_64 | 1.8 | 9.42 | 124.16 | 133.58 | OK | |
| r-release-macos-arm64 | 1.8 | 6.00 | 63.00 | 69.00 | OK | |
| r-release-macos-x86_64 | 1.8 | 13.00 | 134.00 | 147.00 | OK | |
| r-release-windows-x86_64 | 1.8 | 14.00 | 158.00 | 172.00 | OK | |
| r-oldrel-macos-arm64 | 1.8 | 5.00 | 73.00 | 78.00 | OK | |
| r-oldrel-macos-x86_64 | 1.8 | 8.00 | 111.00 | 119.00 | OK | |
| r-oldrel-windows-x86_64 | 1.8 | 18.00 | 188.00 | 206.00 | OK | 
Version: 1.8
Check: CRAN incoming feasibility
Result: NOTE
  Maintainer: ‘Thibault Laurent <thibault.laurent@univ-tlse1.fr>’
  
  No Authors@R field in DESCRIPTION.
  Please add one, modifying
    Authors@R: c(person(given = "Abdelaati",
                        family = "Daouia",
                        role = "aut",
                        email = "Abdelaati.Daouia@tse-fr.eu"),
                 person(given = "Thibault",
                        family = "Laurent",
                        role = c("aut", "cre"),
                        email = "thibault.laurent@univ-tlse1.fr"),
                 person(given = "Hohsuk",
                        family = "Noh",
                        role = "aut",
                        email = "word5810@gmail.com"))
  as necessary.
Flavors: r-devel-linux-x86_64-debian-clang, r-devel-linux-x86_64-debian-gcc