Last updated on 2025-04-30 04:50:13 CEST.
Flavor | Version | Tinstall | Tcheck | Ttotal | Status | Flags |
---|---|---|---|---|---|---|
r-devel-linux-x86_64-debian-clang | 1.0-2 | 2.71 | 80.15 | 82.86 | NOTE | |
r-devel-linux-x86_64-debian-gcc | 1.0-2 | 1.86 | 54.89 | 56.75 | OK | |
r-devel-linux-x86_64-fedora-clang | 1.0-2 | 130.61 | OK | |||
r-devel-linux-x86_64-fedora-gcc | 1.0-2 | 140.43 | OK | |||
r-devel-windows-x86_64 | 1.0-2 | 4.00 | 268.00 | 272.00 | OK | |
r-patched-linux-x86_64 | 1.0-2 | 3.19 | 75.67 | 78.86 | OK | |
r-release-linux-x86_64 | 1.0-2 | 2.69 | 76.15 | 78.84 | OK | |
r-release-macos-arm64 | 1.0-2 | 116.00 | OK | |||
r-release-macos-x86_64 | 1.0-2 | 387.00 | OK | |||
r-release-windows-x86_64 | 1.0-2 | 4.00 | 261.00 | 265.00 | OK | |
r-oldrel-macos-arm64 | 1.0-2 | 112.00 | OK | |||
r-oldrel-macos-x86_64 | 1.0-2 | 204.00 | OK | |||
r-oldrel-windows-x86_64 | 1.0-2 | 5.00 | 330.00 | 335.00 | OK |
Version: 1.0-2
Check: examples
Result: NOTE
Examples with CPU (user + system) or elapsed time > 5s
user system elapsed
prob_curepk 4.503 0.011 5.169
Flavor: r-devel-linux-x86_64-debian-clang