Last updated on 2025-04-30 04:50:13 CEST.
Flavor | Version | Tinstall | Tcheck | Ttotal | Status | Flags |
---|---|---|---|---|---|---|
r-devel-linux-x86_64-debian-clang | 0.2.0 | 2.75 | 50.89 | 53.64 | NOTE | |
r-devel-linux-x86_64-debian-gcc | 0.2.0 | 2.06 | 38.00 | 40.06 | NOTE | |
r-devel-linux-x86_64-fedora-clang | 0.2.0 | 81.84 | OK | |||
r-devel-linux-x86_64-fedora-gcc | 0.2.0 | 94.11 | OK | |||
r-devel-windows-x86_64 | 0.2.0 | 4.00 | 116.00 | 120.00 | OK | |
r-patched-linux-x86_64 | 0.2.0 | 3.11 | 46.92 | 50.03 | OK | |
r-release-linux-x86_64 | 0.2.0 | 2.92 | 46.62 | 49.54 | OK | |
r-release-macos-arm64 | 0.2.0 | 89.00 | OK | |||
r-release-macos-x86_64 | 0.2.0 | 129.00 | OK | |||
r-release-windows-x86_64 | 0.2.0 | 6.00 | 120.00 | 126.00 | OK | |
r-oldrel-macos-arm64 | 0.2.0 | 93.00 | OK | |||
r-oldrel-macos-x86_64 | 0.2.0 | 148.00 | OK | |||
r-oldrel-windows-x86_64 | 0.2.0 | 7.00 | 128.00 | 135.00 | OK |
Version: 0.2.0
Check: CRAN incoming feasibility
Result: NOTE
Maintainer: ‘Frank Farach <frank.farach@gmail.com>’
Package CITATION file contains call(s) to old-style citEntry(). Please
use bibentry() instead.
Flavors: r-devel-linux-x86_64-debian-clang, r-devel-linux-x86_64-debian-gcc