Last updated on 2025-04-30 04:50:13 CEST.
Flavor | Version | Tinstall | Tcheck | Ttotal | Status | Flags |
---|---|---|---|---|---|---|
r-devel-linux-x86_64-debian-clang | 0.1.3 | 6.57 | 46.75 | 53.32 | NOTE | |
r-devel-linux-x86_64-debian-gcc | 0.1.3 | 4.57 | 34.95 | 39.52 | NOTE | |
r-devel-linux-x86_64-fedora-clang | 0.1.3 | 83.89 | OK | |||
r-devel-linux-x86_64-fedora-gcc | 0.1.3 | 86.88 | OK | |||
r-devel-windows-x86_64 | 0.1.3 | 11.00 | 75.00 | 86.00 | OK | |
r-patched-linux-x86_64 | 0.1.3 | 6.18 | 47.18 | 53.36 | OK | |
r-release-linux-x86_64 | 0.1.3 | 5.65 | 47.60 | 53.25 | OK | |
r-release-macos-arm64 | 0.1.3 | 36.00 | OK | |||
r-release-macos-x86_64 | 0.1.3 | 59.00 | OK | |||
r-release-windows-x86_64 | 0.1.3 | 11.00 | 74.00 | 85.00 | OK | |
r-oldrel-macos-arm64 | 0.1.3 | 37.00 | OK | |||
r-oldrel-macos-x86_64 | 0.1.3 | 59.00 | OK | |||
r-oldrel-windows-x86_64 | 0.1.3 | 13.00 | 82.00 | 95.00 | OK |
Version: 0.1.3
Check: examples
Result: NOTE
Examples with CPU (user + system) or elapsed time > 5s
user system elapsed
npiv 4.734 2.262 8.68
npiv_choose_J 3.917 0.073 5.75
Flavor: r-devel-linux-x86_64-debian-clang
Version: 0.1.3
Check: examples
Result: NOTE
Examples with CPU (user + system) or elapsed time > 5s
user system elapsed
npiv 3.917 0.739 5.243
Flavor: r-devel-linux-x86_64-debian-gcc