Last updated on 2025-04-30 04:50:13 CEST.
Flavor | Version | Tinstall | Tcheck | Ttotal | Status | Flags |
---|---|---|---|---|---|---|
r-devel-linux-x86_64-debian-clang | 1.3.1 | 6.58 | 57.62 | 64.20 | NOTE | |
r-devel-linux-x86_64-debian-gcc | 1.3.1 | 5.43 | 44.54 | 49.97 | NOTE | |
r-devel-linux-x86_64-fedora-clang | 1.3.1 | 100.20 | OK | |||
r-devel-linux-x86_64-fedora-gcc | 1.3.1 | 98.28 | OK | |||
r-devel-windows-x86_64 | 1.3.1 | 7.00 | 80.00 | 87.00 | OK | |
r-patched-linux-x86_64 | 1.3.1 | 6.70 | 55.72 | 62.42 | OK | |
r-release-linux-x86_64 | 1.3.1 | 5.95 | 55.30 | 61.25 | OK | |
r-release-macos-arm64 | 1.3.1 | 35.00 | OK | |||
r-release-macos-x86_64 | 1.3.1 | 58.00 | OK | |||
r-release-windows-x86_64 | 1.3.1 | 7.00 | 81.00 | 88.00 | OK | |
r-oldrel-macos-arm64 | 1.3.1 | 32.00 | OK | |||
r-oldrel-macos-x86_64 | 1.3.1 | 46.00 | OK | |||
r-oldrel-windows-x86_64 | 1.3.1 | 8.00 | 89.00 | 97.00 | OK |
Version: 1.3.1
Check: CRAN incoming feasibility
Result: NOTE
Maintainer: ‘Scott Powers <saberpowers@gmail.com>’
No Authors@R field in DESCRIPTION.
Please add one, modifying
Authors@R: c(person(given = "Scott",
family = "Powers",
role = c("aut", "cre"),
email = "saberpowers@gmail.com"),
person(given = "Trevor",
family = "Hastie",
role = "aut"),
person(given = "Robert",
family = "Tibshirani",
role = "aut"))
as necessary.
Flavors: r-devel-linux-x86_64-debian-clang, r-devel-linux-x86_64-debian-gcc