CRAN Package Check Results for Package npmv

Last updated on 2025-04-30 04:50:13 CEST.

Flavor Version Tinstall Tcheck Ttotal Status Flags
r-devel-linux-x86_64-debian-clang 2.4.1 3.11 34.44 37.55 NOTE
r-devel-linux-x86_64-debian-gcc 2.4.1 2.20 24.59 26.79 OK
r-devel-linux-x86_64-fedora-clang 2.4.1 59.79 OK
r-devel-linux-x86_64-fedora-gcc 2.4.1 58.57 OK
r-devel-windows-x86_64 2.4.1 3.00 56.00 59.00 OK
r-patched-linux-x86_64 2.4.1 3.22 32.41 35.63 OK
r-release-linux-x86_64 2.4.1 2.70 32.57 35.27 OK
r-release-macos-arm64 2.4.1 24.00 OK
r-release-macos-x86_64 2.4.1 43.00 OK
r-release-windows-x86_64 2.4.1 3.00 59.00 62.00 OK
r-oldrel-macos-arm64 2.4.1 24.00 OK
r-oldrel-macos-x86_64 2.4.1 47.00 OK
r-oldrel-windows-x86_64 2.4.1 5.00 58.00 63.00 OK

Check Details

Version: 2.4.1
Check: examples
Result: NOTE Examples with CPU (user + system) or elapsed time > 5s user system elapsed nonpartest 4.304 0.064 5.47 npmv-package 4.046 0.000 5.04 Flavor: r-devel-linux-x86_64-debian-clang