Last updated on 2025-11-04 03:51:00 CET.
| Flavor | Version | Tinstall | Tcheck | Ttotal | Status | Flags | 
|---|---|---|---|---|---|---|
| r-devel-linux-x86_64-debian-clang | 1.2 | 3.35 | 45.75 | 49.10 | NOTE | |
| r-devel-linux-x86_64-debian-gcc | 1.2 | 2.32 | 30.15 | 32.47 | NOTE | |
| r-devel-linux-x86_64-fedora-clang | 1.2 | 75.91 | OK | |||
| r-devel-linux-x86_64-fedora-gcc | 1.2 | 72.16 | OK | |||
| r-devel-windows-x86_64 | 1.2 | 4.00 | 59.00 | 63.00 | OK | |
| r-patched-linux-x86_64 | 1.2 | 3.76 | 43.19 | 46.95 | OK | |
| r-release-linux-x86_64 | 1.2 | 3.22 | 42.49 | 45.71 | OK | |
| r-release-macos-arm64 | 1.2 | 2.00 | 24.00 | 26.00 | OK | |
| r-release-macos-x86_64 | 1.2 | 3.00 | 45.00 | 48.00 | OK | |
| r-release-windows-x86_64 | 1.2 | 4.00 | 59.00 | 63.00 | OK | |
| r-oldrel-macos-arm64 | 1.2 | 2.00 | 19.00 | 21.00 | OK | |
| r-oldrel-macos-x86_64 | 1.2 | 2.00 | 30.00 | 32.00 | OK | |
| r-oldrel-windows-x86_64 | 1.2 | 4.00 | 72.00 | 76.00 | OK | 
Version: 1.2
Check: CRAN incoming feasibility
Result: NOTE
  Maintainer: ‘Bulent Altunkaynak <bulenta@gazi.edu.tr>’
  
  No Authors@R field in DESCRIPTION.
  Please add one, modifying
    Authors@R: c(person(given = "Bulent",
                        family = "Altunkaynak",
                        role = c("aut", "cre"),
                        email = "bulenta@gazi.edu.tr"),
                 person(given = "Hamza",
                        family = "Gamgam",
                        role = "aut"))
  as necessary.
Flavors: r-devel-linux-x86_64-debian-clang, r-devel-linux-x86_64-debian-gcc