Last updated on 2025-04-30 04:50:13 CEST.
Flavor | Version | Tinstall | Tcheck | Ttotal | Status | Flags |
---|---|---|---|---|---|---|
r-devel-linux-x86_64-debian-clang | 1.2 | 3.07 | 44.30 | 47.37 | NOTE | |
r-devel-linux-x86_64-debian-gcc | 1.2 | 2.21 | 29.38 | 31.59 | NOTE | |
r-devel-linux-x86_64-fedora-clang | 1.2 | 76.32 | OK | |||
r-devel-linux-x86_64-fedora-gcc | 1.2 | 73.24 | OK | |||
r-devel-windows-x86_64 | 1.2 | 5.00 | 62.00 | 67.00 | OK | |
r-patched-linux-x86_64 | 1.2 | 3.26 | 40.77 | 44.03 | OK | |
r-release-linux-x86_64 | 1.2 | 3.41 | 41.11 | 44.52 | OK | |
r-release-macos-arm64 | 1.2 | 26.00 | OK | |||
r-release-macos-x86_64 | 1.2 | 48.00 | OK | |||
r-release-windows-x86_64 | 1.2 | 4.00 | 63.00 | 67.00 | OK | |
r-oldrel-macos-arm64 | 1.2 | 21.00 | OK | |||
r-oldrel-macos-x86_64 | 1.2 | 32.00 | OK | |||
r-oldrel-windows-x86_64 | 1.2 | 5.00 | 70.00 | 75.00 | OK |
Version: 1.2
Check: CRAN incoming feasibility
Result: NOTE
Maintainer: ‘Bulent Altunkaynak <bulenta@gazi.edu.tr>’
No Authors@R field in DESCRIPTION.
Please add one, modifying
Authors@R: c(person(given = "Bulent",
family = "Altunkaynak",
role = c("aut", "cre"),
email = "bulenta@gazi.edu.tr"),
person(given = "Hamza",
family = "Gamgam",
role = "aut"))
as necessary.
Flavors: r-devel-linux-x86_64-debian-clang, r-devel-linux-x86_64-debian-gcc
Version: 1.2
Check: examples
Result: NOTE
Examples with CPU (user + system) or elapsed time > 5s
user system elapsed
TmTest 5.004 0.062 6.597
Flavor: r-devel-linux-x86_64-debian-clang