Last updated on 2025-04-30 04:50:13 CEST.
Flavor | Version | Tinstall | Tcheck | Ttotal | Status | Flags |
---|---|---|---|---|---|---|
r-devel-linux-x86_64-debian-clang | 2.0.1 | 25.38 | 227.75 | 253.13 | NOTE | |
r-devel-linux-x86_64-debian-gcc | 2.0.1 | 16.67 | 149.31 | 165.98 | OK | |
r-devel-linux-x86_64-fedora-clang | 2.0.1 | 407.39 | OK | |||
r-devel-linux-x86_64-fedora-gcc | 2.0.1 | 397.07 | OK | |||
r-devel-windows-x86_64 | 2.0.1 | 24.00 | 188.00 | 212.00 | OK | |
r-patched-linux-x86_64 | 2.0.1 | 26.59 | 216.89 | 243.48 | OK | |
r-release-linux-x86_64 | 2.0.1 | 25.47 | 214.50 | 239.97 | OK | |
r-release-macos-arm64 | 2.0.1 | 87.00 | OK | |||
r-release-macos-x86_64 | 2.0.1 | 234.00 | OK | |||
r-release-windows-x86_64 | 2.0.1 | 24.00 | 188.00 | 212.00 | OK | |
r-oldrel-macos-arm64 | 2.0.1 | 90.00 | OK | |||
r-oldrel-macos-x86_64 | 2.0.1 | 252.00 | OK | |||
r-oldrel-windows-x86_64 | 2.0.1 | 30.00 | 256.00 | 286.00 | OK |
Version: 2.0.1
Check: examples
Result: NOTE
Examples with CPU (user + system) or elapsed time > 5s
user system elapsed
Phen 4.114 0.238 5.219
PhenKplot 3.927 0.148 5.142
Flavor: r-devel-linux-x86_64-debian-clang