Last updated on 2025-02-21 03:52:20 CET.
Flavor | Version | Tinstall | Tcheck | Ttotal | Status | Flags |
---|---|---|---|---|---|---|
r-devel-linux-x86_64-debian-clang | 2.1.5 | 7.83 | 96.59 | 104.42 | OK | |
r-devel-linux-x86_64-debian-gcc | 2.1.5 | 5.53 | 70.81 | 76.34 | OK | |
r-devel-linux-x86_64-fedora-clang | 2.1.5 | 176.86 | OK | |||
r-devel-linux-x86_64-fedora-gcc | 2.1.5 | 186.48 | OK | |||
r-devel-macos-arm64 | 2.1.5 | 55.00 | OK | |||
r-devel-macos-x86_64 | 2.1.5 | 114.00 | OK | |||
r-devel-windows-x86_64 | 2.1.5 | 9.00 | 128.00 | 137.00 | OK | |
r-patched-linux-x86_64 | 2.1.5 | 6.68 | 91.79 | 98.47 | NOTE | |
r-release-linux-x86_64 | 2.1.5 | 7.67 | 91.97 | 99.64 | NOTE | |
r-release-macos-arm64 | 2.1.5 | 54.00 | NOTE | |||
r-release-macos-x86_64 | 2.1.5 | 82.00 | NOTE | |||
r-release-windows-x86_64 | 2.1.5 | 9.00 | 125.00 | 134.00 | NOTE | |
r-oldrel-macos-arm64 | 2.1.5 | 59.00 | NOTE | |||
r-oldrel-macos-x86_64 | 2.1.5 | 92.00 | NOTE | |||
r-oldrel-windows-x86_64 | 2.1.5 | 11.00 | 149.00 | 160.00 | NOTE |
Version: 2.1.5
Check: LazyData
Result: NOTE
'LazyData' is specified without a 'data' directory
Flavors: r-patched-linux-x86_64, r-release-linux-x86_64, r-release-macos-arm64, r-release-macos-x86_64, r-release-windows-x86_64, r-oldrel-macos-arm64, r-oldrel-macos-x86_64, r-oldrel-windows-x86_64