Last updated on 2025-04-30 04:50:13 CEST.
Flavor | Version | Tinstall | Tcheck | Ttotal | Status | Flags |
---|---|---|---|---|---|---|
r-devel-linux-x86_64-debian-clang | 0.7-13 | 17.53 | 87.17 | 104.70 | NOTE | |
r-devel-linux-x86_64-debian-gcc | 0.7-13 | 10.60 | 61.36 | 71.96 | OK | |
r-devel-linux-x86_64-fedora-clang | 0.7-13 | 164.21 | OK | |||
r-devel-linux-x86_64-fedora-gcc | 0.7-13 | 301.86 | OK | |||
r-devel-windows-x86_64 | 0.7-13 | 21.00 | 110.00 | 131.00 | OK | |
r-patched-linux-x86_64 | 0.7-13 | 16.28 | 80.16 | 96.44 | OK | |
r-release-linux-x86_64 | 0.7-13 | 14.35 | 80.25 | 94.60 | OK | |
r-release-macos-arm64 | 0.7-13 | 98.00 | OK | |||
r-release-macos-x86_64 | 0.7-13 | 210.00 | OK | |||
r-release-windows-x86_64 | 0.7-13 | 24.00 | 114.00 | 138.00 | OK | |
r-oldrel-macos-arm64 | 0.7-13 | 93.00 | OK | |||
r-oldrel-macos-x86_64 | 0.7-13 | 141.00 | OK | |||
r-oldrel-windows-x86_64 | 0.7-13 | 26.00 | 129.00 | 155.00 | OK |
Version: 0.7-13
Check: examples
Result: NOTE
Examples with CPU (user + system) or elapsed time > 5s
user system elapsed
np.kriging 4.643 0.034 6.009
Flavor: r-devel-linux-x86_64-debian-clang