CRAN Package Check Results for Package npsurv

Last updated on 2025-04-30 04:50:13 CEST.

Flavor Version Tinstall Tcheck Ttotal Status Flags
r-devel-linux-x86_64-debian-clang 0.5-0 4.58 48.33 52.91 NOTE
r-devel-linux-x86_64-debian-gcc 0.5-0 2.96 34.30 37.26 NOTE
r-devel-linux-x86_64-fedora-clang 0.5-0 81.35 OK
r-devel-linux-x86_64-fedora-gcc 0.5-0 78.35 OK
r-devel-windows-x86_64 0.5-0 5.00 66.00 71.00 OK
r-patched-linux-x86_64 0.5-0 4.57 46.30 50.87 OK
r-release-linux-x86_64 0.5-0 3.75 46.24 49.99 OK
r-release-macos-arm64 0.5-0 23.00 OK
r-release-macos-x86_64 0.5-0 48.00 OK
r-release-windows-x86_64 0.5-0 5.00 69.00 74.00 OK
r-oldrel-macos-arm64 0.5-0 24.00 OK
r-oldrel-macos-x86_64 0.5-0 37.00 OK
r-oldrel-windows-x86_64 0.5-0 5.00 64.00 69.00 OK

Check Details

Version: 0.5-0
Check: CRAN incoming feasibility
Result: NOTE Maintainer: ‘Yong Wang <yongwang@auckland.ac.nz>’ No Authors@R field in DESCRIPTION. Please add one, modifying Authors@R: person(given = "Yong", family = "Wang", role = c("aut", "cre"), email = "yongwang@auckland.ac.nz") as necessary. Flavors: r-devel-linux-x86_64-debian-clang, r-devel-linux-x86_64-debian-gcc

Version: 0.5-0
Check: examples
Result: NOTE Examples with CPU (user + system) or elapsed time > 5s user system elapsed Uhaz 5.351 0.086 6.238 nzmort 4.015 0.027 5.173 plot.Uhaz 3.507 0.007 5.155 Flavor: r-devel-linux-x86_64-debian-clang