Last updated on 2025-04-30 04:50:13 CEST.
Flavor | Version | Tinstall | Tcheck | Ttotal | Status | Flags |
---|---|---|---|---|---|---|
r-devel-linux-x86_64-debian-clang | 0.3.1 | 13.12 | 139.79 | 152.91 | NOTE | |
r-devel-linux-x86_64-debian-gcc | 0.3.1 | 8.94 | 97.69 | 106.63 | OK | |
r-devel-linux-x86_64-fedora-clang | 0.3.1 | 237.23 | OK | |||
r-devel-linux-x86_64-fedora-gcc | 0.3.1 | 241.37 | OK | |||
r-devel-windows-x86_64 | 0.3.1 | 13.00 | 144.00 | 157.00 | OK | |
r-patched-linux-x86_64 | 0.3.1 | 12.96 | 132.61 | 145.57 | OK | |
r-release-linux-x86_64 | 0.3.1 | 12.29 | 130.36 | 142.65 | OK | |
r-release-macos-arm64 | 0.3.1 | 76.00 | OK | |||
r-release-macos-x86_64 | 0.3.1 | 161.00 | OK | |||
r-release-windows-x86_64 | 0.3.1 | 15.00 | 140.00 | 155.00 | OK | |
r-oldrel-macos-arm64 | 0.3.1 | 74.00 | OK | |||
r-oldrel-macos-x86_64 | 0.3.1 | 107.00 | OK | |||
r-oldrel-windows-x86_64 | 0.3.1 | 18.00 | 184.00 | 202.00 | OK |
Version: 0.3.1
Check: examples
Result: NOTE
Examples with CPU (user + system) or elapsed time > 5s
user system elapsed
wt_class_adjust 3.75 0.03 5.4
Flavor: r-devel-linux-x86_64-debian-clang