Last updated on 2025-04-30 04:50:13 CEST.
Flavor | Version | Tinstall | Tcheck | Ttotal | Status | Flags |
---|---|---|---|---|---|---|
r-devel-linux-x86_64-debian-clang | 1.6 | 5.18 | 54.23 | 59.41 | NOTE | |
r-devel-linux-x86_64-debian-gcc | 1.6 | 4.98 | 41.54 | 46.52 | NOTE | |
r-devel-linux-x86_64-fedora-clang | 1.6 | 92.12 | OK | |||
r-devel-linux-x86_64-fedora-gcc | 1.6 | 91.59 | OK | |||
r-devel-windows-x86_64 | 1.6 | 8.00 | 71.00 | 79.00 | OK | |
r-patched-linux-x86_64 | 1.6 | 5.94 | 52.68 | 58.62 | OK | |
r-release-linux-x86_64 | 1.6 | 4.87 | 51.91 | 56.78 | OK | |
r-release-macos-arm64 | 1.6 | 33.00 | OK | |||
r-release-macos-x86_64 | 1.6 | 51.00 | OK | |||
r-release-windows-x86_64 | 1.6 | 8.00 | 70.00 | 78.00 | OK | |
r-oldrel-macos-arm64 | 1.6 | 29.00 | OK | |||
r-oldrel-macos-x86_64 | 1.6 | 42.00 | OK | |||
r-oldrel-windows-x86_64 | 1.6 | 9.00 | 83.00 | 92.00 | OK |
Version: 1.6
Check: CRAN incoming feasibility
Result: NOTE
Maintainer: ‘Eisuke Inoue <eisuke.inoue@marianna-u.ac.jp>’
No Authors@R field in DESCRIPTION.
Please add one, modifying
Authors@R: person(given = "Eisuke",
family = "Inoue",
role = c("aut", "cre"),
email = "eisuke.inoue@marianna-u.ac.jp")
as necessary.
Flavors: r-devel-linux-x86_64-debian-clang, r-devel-linux-x86_64-debian-gcc