Last updated on 2025-04-30 04:50:13 CEST.
Flavor | Version | Tinstall | Tcheck | Ttotal | Status | Flags |
---|---|---|---|---|---|---|
r-devel-linux-x86_64-debian-clang | 0.4.0 | 5.64 | 65.42 | 71.06 | NOTE | |
r-devel-linux-x86_64-debian-gcc | 0.4.0 | 4.05 | 48.33 | 52.38 | NOTE | |
r-devel-linux-x86_64-fedora-clang | 0.4.0 | 104.84 | NOTE | |||
r-devel-linux-x86_64-fedora-gcc | 0.4.0 | 117.30 | NOTE | |||
r-devel-windows-x86_64 | 0.4.0 | 8.00 | 82.00 | 90.00 | NOTE | |
r-patched-linux-x86_64 | 0.4.0 | 5.35 | 58.55 | 63.90 | NOTE | |
r-release-linux-x86_64 | 0.4.0 | 5.28 | 59.68 | 64.96 | NOTE | |
r-release-macos-arm64 | 0.4.0 | 46.00 | NOTE | |||
r-release-macos-x86_64 | 0.4.0 | 94.00 | NOTE | |||
r-release-windows-x86_64 | 0.4.0 | 8.00 | 81.00 | 89.00 | NOTE | |
r-oldrel-macos-arm64 | 0.4.0 | 52.00 | OK | |||
r-oldrel-macos-x86_64 | 0.4.0 | 73.00 | OK | |||
r-oldrel-windows-x86_64 | 0.4.0 | 9.00 | 91.00 | 100.00 | OK |
Version: 0.4.0
Check: DESCRIPTION meta-information
Result: NOTE
Missing dependency on R >= 4.1.0 because package code uses the pipe
|> or function shorthand \(...) syntax added in R 4.1.0.
File(s) using such syntax:
‘get_ntd.R’
Flavors: r-devel-linux-x86_64-debian-clang, r-devel-linux-x86_64-debian-gcc, r-devel-linux-x86_64-fedora-clang, r-devel-linux-x86_64-fedora-gcc, r-devel-windows-x86_64, r-patched-linux-x86_64, r-release-linux-x86_64, r-release-macos-arm64, r-release-macos-x86_64, r-release-windows-x86_64