CRAN Package Check Results for Package nucim

Last updated on 2025-04-30 04:50:13 CEST.

Flavor Version Tinstall Tcheck Ttotal Status Flags
r-devel-linux-x86_64-debian-clang 1.0.11 9.81 80.08 89.89 NOTE
r-devel-linux-x86_64-debian-gcc 1.0.11 6.91 56.80 63.71 NOTE
r-devel-linux-x86_64-fedora-clang 1.0.11 150.62 NOTE
r-devel-linux-x86_64-fedora-gcc 1.0.11 150.28 NOTE
r-devel-windows-x86_64 1.0.11 11.00 95.00 106.00 NOTE
r-patched-linux-x86_64 1.0.11 10.46 76.23 86.69 NOTE
r-release-linux-x86_64 1.0.11 9.04 76.44 85.48 NOTE
r-release-macos-arm64 1.0.11 43.00 NOTE
r-release-macos-x86_64 1.0.11 99.00 NOTE
r-release-windows-x86_64 1.0.11 10.00 99.00 109.00 NOTE
r-oldrel-macos-arm64 1.0.11 45.00 NOTE
r-oldrel-macos-x86_64 1.0.11 72.00 NOTE
r-oldrel-windows-x86_64 1.0.11 13.00 111.00 124.00 NOTE

Check Details

Version: 1.0.11
Check: CRAN incoming feasibility
Result: NOTE Maintainer: ‘Volker Schmid <volker.schmid@lmu.de>’ Package CITATION file contains call(s) to old-style personList() or as.personList(). Please use c() on person objects instead. Package CITATION file contains call(s) to old-style citEntry(). Please use bibentry() instead. Flavors: r-devel-linux-x86_64-debian-clang, r-devel-linux-x86_64-debian-gcc

Version: 1.0.11
Check: package subdirectories
Result: NOTE Problems with news in ‘NEWS.md’: No news entries found. Flavors: r-devel-linux-x86_64-debian-clang, r-devel-linux-x86_64-debian-gcc, r-devel-linux-x86_64-fedora-clang, r-devel-linux-x86_64-fedora-gcc, r-devel-windows-x86_64, r-patched-linux-x86_64, r-release-linux-x86_64, r-release-macos-arm64, r-release-macos-x86_64, r-release-windows-x86_64, r-oldrel-macos-arm64, r-oldrel-macos-x86_64, r-oldrel-windows-x86_64