CRAN Package Check Results for Package nuggets

Last updated on 2025-04-30 04:50:13 CEST.

Flavor Version Tinstall Tcheck Ttotal Status Flags
r-devel-linux-x86_64-debian-clang 1.4.0 119.01 90.07 209.08 NOTE
r-devel-linux-x86_64-debian-gcc 1.4.0 103.65 61.18 164.83 NOTE
r-devel-linux-x86_64-fedora-clang 1.4.0 408.12 NOTE
r-devel-linux-x86_64-fedora-gcc 1.4.0 453.55 NOTE
r-devel-windows-x86_64 1.4.0 152.00 137.00 289.00 NOTE
r-patched-linux-x86_64 1.4.0 141.63 83.24 224.87 NOTE
r-release-linux-x86_64 1.4.0 135.54 81.89 217.43 NOTE
r-release-macos-arm64 1.4.0 82.00 NOTE
r-release-macos-x86_64 1.4.0 134.00 OK
r-release-windows-x86_64 1.4.0 150.00 135.00 285.00 NOTE
r-oldrel-macos-arm64 1.4.0 121.00 NOTE
r-oldrel-macos-x86_64 1.4.0 137.00 NOTE
r-oldrel-windows-x86_64 1.4.0 166.00 167.00 333.00 OK

Check Details

Version: 1.4.0
Check: DESCRIPTION meta-information
Result: NOTE Missing dependency on R >= 4.1.0 because package code uses the pipe |> or function shorthand \(...) syntax added in R 4.1.0. File(s) using such syntax: ‘partition.Rd’ Flavors: r-devel-linux-x86_64-debian-clang, r-devel-linux-x86_64-debian-gcc, r-devel-linux-x86_64-fedora-clang, r-devel-linux-x86_64-fedora-gcc, r-devel-windows-x86_64, r-patched-linux-x86_64, r-release-linux-x86_64, r-release-macos-arm64, r-release-windows-x86_64

Version: 1.4.0
Check: installed package size
Result: NOTE installed size is 14.7Mb sub-directories of 1Mb or more: libs 14.3Mb Flavors: r-oldrel-macos-arm64, r-oldrel-macos-x86_64