Last updated on 2025-04-29 04:50:12 CEST.
Flavor | Version | Tinstall | Tcheck | Ttotal | Status | Flags |
---|---|---|---|---|---|---|
r-devel-linux-x86_64-debian-clang | 0.3.15 | 9.43 | 139.38 | 148.81 | OK | |
r-devel-linux-x86_64-debian-gcc | 0.3.15 | 7.48 | 98.98 | 106.46 | NOTE | |
r-devel-linux-x86_64-fedora-clang | 0.3.15 | 237.70 | OK | |||
r-devel-linux-x86_64-fedora-gcc | 0.3.15 | 563.99 | OK | |||
r-devel-windows-x86_64 | 0.3.15 | 12.00 | 144.00 | 156.00 | OK | |
r-patched-linux-x86_64 | 0.3.15 | 9.47 | 137.20 | 146.67 | OK | |
r-release-linux-x86_64 | 0.3.15 | 9.09 | 136.75 | 145.84 | OK | |
r-release-macos-arm64 | 0.3.15 | 149.00 | OK | |||
r-release-macos-x86_64 | 0.3.15 | 272.00 | OK | |||
r-release-windows-x86_64 | 0.3.15 | 14.00 | 149.00 | 163.00 | OK | |
r-oldrel-macos-arm64 | 0.3.15 | 148.00 | OK | |||
r-oldrel-macos-x86_64 | 0.3.15 | 343.00 | OK | |||
r-oldrel-windows-x86_64 | 0.3.15 | 17.00 | 193.00 | 210.00 | OK |
Version: 0.3.15
Check: examples
Result: NOTE
Examples with CPU (user + system) or elapsed time > 5s
user system elapsed
lineup_residuals 7.358 0.112 9.814
lineup_histograms 6.682 0.089 9.067
lineup_qq 5.542 0.078 6.385
Flavor: r-devel-linux-x86_64-debian-gcc