Last updated on 2025-11-04 03:51:00 CET.
| Flavor | Version | Tinstall | Tcheck | Ttotal | Status | Flags | 
|---|---|---|---|---|---|---|
| r-devel-linux-x86_64-debian-clang | 0.2.0 | 6.17 | 50.61 | 56.78 | NOTE | |
| r-devel-linux-x86_64-debian-gcc | 0.2.0 | 4.75 | 39.37 | 44.12 | NOTE | |
| r-devel-linux-x86_64-fedora-clang | 0.2.0 | 13.00 | 73.30 | 86.30 | OK | |
| r-devel-linux-x86_64-fedora-gcc | 0.2.0 | 15.00 | 67.99 | 82.99 | OK | |
| r-devel-windows-x86_64 | 0.2.0 | 7.00 | 59.00 | 66.00 | OK | |
| r-patched-linux-x86_64 | 0.2.0 | 5.81 | 47.70 | 53.51 | OK | |
| r-release-linux-x86_64 | 0.2.0 | 5.31 | 48.02 | 53.33 | OK | |
| r-release-macos-arm64 | 0.2.0 | 3.00 | 27.00 | 30.00 | OK | |
| r-release-macos-x86_64 | 0.2.0 | 5.00 | 45.00 | 50.00 | OK | |
| r-release-windows-x86_64 | 0.2.0 | 6.00 | 59.00 | 65.00 | OK | |
| r-oldrel-macos-arm64 | 0.2.0 | 3.00 | 24.00 | 27.00 | NOTE | |
| r-oldrel-macos-x86_64 | 0.2.0 | 4.00 | 36.00 | 40.00 | NOTE | |
| r-oldrel-windows-x86_64 | 0.2.0 | 10.00 | 74.00 | 84.00 | NOTE | 
Version: 0.2.0
Check: CRAN incoming feasibility
Result: NOTE
  Maintainer: ‘Zhicheng Du<dgdzc@hotmail.com>’
  
  No Authors@R field in DESCRIPTION.
  Please add one, modifying
    Authors@R: c(person(given = "Zhicheng",
                        family = "Du",
                        role = c("aut", "cre"),
                        email = "dgdzc@hotmail.com"),
                 person(given = "Yuantao",
                        family = "Hao",
                        role = "aut"))
  as necessary.
Flavors: r-devel-linux-x86_64-debian-clang, r-devel-linux-x86_64-debian-gcc
Version: 0.2.0
Check: LazyData
Result: NOTE
    'LazyData' is specified without a 'data' directory
Flavors: r-oldrel-macos-arm64, r-oldrel-macos-x86_64, r-oldrel-windows-x86_64