Last updated on 2025-04-30 04:50:13 CEST.
Flavor | Version | Tinstall | Tcheck | Ttotal | Status | Flags |
---|---|---|---|---|---|---|
r-devel-linux-x86_64-debian-clang | 1.4.2 | 40.40 | 157.21 | 197.61 | OK | |
r-devel-linux-x86_64-debian-gcc | 1.4.2 | 24.02 | 104.89 | 128.91 | OK | |
r-devel-linux-x86_64-fedora-clang | 1.4.2 | 328.53 | NOTE | |||
r-devel-linux-x86_64-fedora-gcc | 1.4.2 | 284.78 | NOTE | |||
r-devel-windows-x86_64 | 1.4.2 | 46.00 | 186.00 | 232.00 | OK | |
r-patched-linux-x86_64 | 1.4.2 | 38.44 | 143.93 | 182.37 | OK | |
r-release-linux-x86_64 | 1.4.2 | 37.03 | 145.11 | 182.14 | OK | |
r-release-macos-arm64 | 1.4.2 | 84.00 | OK | |||
r-release-macos-x86_64 | 1.4.2 | 267.00 | OK | |||
r-release-windows-x86_64 | 1.4.2 | 46.00 | 183.00 | 229.00 | OK | |
r-oldrel-macos-arm64 | 1.4.2 | 73.00 | NOTE | |||
r-oldrel-macos-x86_64 | 1.4.2 | 247.00 | NOTE | |||
r-oldrel-windows-x86_64 | 1.4.2 | 57.00 | 232.00 | 289.00 | NOTE |
Version: 1.4.2
Check: dependencies in R code
Result: NOTE
Namespaces in Imports field not imported from:
‘R.utils’ ‘optparse’ ‘vcfR’
All declared Imports should be used.
Flavors: r-devel-linux-x86_64-fedora-clang, r-devel-linux-x86_64-fedora-gcc
Version: 1.4.2
Check: installed package size
Result: NOTE
installed size is 5.5Mb
sub-directories of 1Mb or more:
data 4.2Mb
Flavors: r-oldrel-macos-arm64, r-oldrel-macos-x86_64, r-oldrel-windows-x86_64
Version: 1.4.2
Check: for GNU extensions in Makefiles
Result: NOTE
GNU make is a SystemRequirements.
Flavors: r-oldrel-macos-arm64, r-oldrel-macos-x86_64, r-oldrel-windows-x86_64