Last updated on 2025-04-30 04:50:13 CEST.
Flavor | Version | Tinstall | Tcheck | Ttotal | Status | Flags |
---|---|---|---|---|---|---|
r-devel-linux-x86_64-debian-clang | 1.1.0 | 6.47 | 250.94 | 257.41 | NOTE | |
r-devel-linux-x86_64-debian-gcc | 1.1.0 | 4.66 | 165.75 | 170.41 | NOTE | |
r-devel-linux-x86_64-fedora-clang | 1.1.0 | 389.51 | OK | |||
r-devel-linux-x86_64-fedora-gcc | 1.1.0 | 394.05 | OK | |||
r-devel-windows-x86_64 | 1.1.0 | 9.00 | 231.00 | 240.00 | OK | |
r-patched-linux-x86_64 | 1.1.0 | 6.59 | 236.16 | 242.75 | OK | |
r-release-linux-x86_64 | 1.1.0 | 5.92 | 236.12 | 242.04 | OK | |
r-release-macos-arm64 | 1.1.0 | 100.00 | OK | |||
r-release-macos-x86_64 | 1.1.0 | 202.00 | OK | |||
r-release-windows-x86_64 | 1.1.0 | 9.00 | 228.00 | 237.00 | OK | |
r-oldrel-macos-arm64 | 1.1.0 | 106.00 | OK | |||
r-oldrel-macos-x86_64 | 1.1.0 | 309.00 | OK | |||
r-oldrel-windows-x86_64 | 1.1.0 | 11.00 | 290.00 | 301.00 | OK |
Version: 1.1.0
Check: CRAN incoming feasibility
Result: NOTE
Maintainer: ‘Moritz Hennicke <AAoritz@posteo.de>’
The BugReports field in DESCRIPTION has
https://github.com/ropensci/nuts
which should likely be
https://github.com/ropensci/nuts/issues
instead.
Flavors: r-devel-linux-x86_64-debian-clang, r-devel-linux-x86_64-debian-gcc