Last updated on 2025-04-30 04:50:13 CEST.
Flavor | Version | Tinstall | Tcheck | Ttotal | Status | Flags |
---|---|---|---|---|---|---|
r-devel-linux-x86_64-debian-clang | 2.1.0 | 4.73 | 38.38 | 43.11 | NOTE | |
r-devel-linux-x86_64-debian-gcc | 2.1.0 | 3.17 | 29.67 | 32.84 | NOTE | |
r-devel-linux-x86_64-fedora-clang | 2.1.0 | 65.41 | OK | |||
r-devel-linux-x86_64-fedora-gcc | 2.1.0 | 62.75 | OK | |||
r-devel-windows-x86_64 | 2.1.0 | 7.00 | 56.00 | 63.00 | OK | |
r-patched-linux-x86_64 | 2.1.0 | 3.91 | 35.47 | 39.38 | OK | |
r-release-linux-x86_64 | 2.1.0 | 4.81 | 35.79 | 40.60 | OK | |
r-release-macos-arm64 | 2.1.0 | 21.00 | OK | |||
r-release-macos-x86_64 | 2.1.0 | 46.00 | OK | |||
r-release-windows-x86_64 | 2.1.0 | 8.00 | 65.00 | 73.00 | OK | |
r-oldrel-macos-arm64 | 2.1.0 | 23.00 | OK | |||
r-oldrel-macos-x86_64 | 2.1.0 | 58.00 | OK | |||
r-oldrel-windows-x86_64 | 2.1.0 | 7.00 | 65.00 | 72.00 | OK |
Version: 2.1.0
Check: CRAN incoming feasibility
Result: NOTE
Maintainer: ‘Finnbar Lee <lee.finnbar@gmail.com>’
Package CITATION file contains call(s) to old-style personList() or
as.personList(). Please use c() on person objects instead.
Package CITATION file contains call(s) to old-style citEntry(). Please
use bibentry() instead.
Flavors: r-devel-linux-x86_64-debian-clang, r-devel-linux-x86_64-debian-gcc