Last updated on 2025-04-30 04:50:13 CEST.
Flavor | Version | Tinstall | Tcheck | Ttotal | Status | Flags |
---|---|---|---|---|---|---|
r-devel-linux-x86_64-debian-clang | 1.0.0 | 15.24 | 126.86 | 142.10 | OK | |
r-devel-linux-x86_64-debian-gcc | 1.0.0 | 11.40 | 94.05 | 105.45 | OK | |
r-devel-linux-x86_64-fedora-clang | 1.0.0 | 212.73 | NOTE | |||
r-devel-linux-x86_64-fedora-gcc | 1.0.0 | 226.70 | NOTE | |||
r-devel-windows-x86_64 | 1.0.0 | 15.00 | 120.00 | 135.00 | OK | |
r-patched-linux-x86_64 | 1.0.0 | 13.71 | 115.33 | 129.04 | OK | |
r-release-linux-x86_64 | 1.0.0 | 14.42 | 115.78 | 130.20 | OK | |
r-release-macos-arm64 | 1.0.0 | 64.00 | OK | |||
r-release-macos-x86_64 | 1.0.0 | 117.00 | OK | |||
r-release-windows-x86_64 | 1.0.0 | 15.00 | 116.00 | 131.00 | OK | |
r-oldrel-macos-arm64 | 1.0.0 | 59.00 | NOTE | |||
r-oldrel-macos-x86_64 | 1.0.0 | 96.00 | NOTE | |||
r-oldrel-windows-x86_64 | 1.0.0 | 18.00 | 136.00 | 154.00 | NOTE |
Version: 1.0.0
Check: dependencies in R code
Result: NOTE
Namespaces in Imports field not imported from:
‘knitr’ ‘tibble’
All declared Imports should be used.
Flavors: r-devel-linux-x86_64-fedora-clang, r-devel-linux-x86_64-fedora-gcc
Version: 1.0.0
Check: LazyData
Result: NOTE
'LazyData' is specified without a 'data' directory
Flavors: r-oldrel-macos-arm64, r-oldrel-macos-x86_64, r-oldrel-windows-x86_64