CRAN Package Check Results for Package oaColors

Last updated on 2025-04-30 04:50:13 CEST.

Flavor Version Tinstall Tcheck Ttotal Status Flags
r-devel-linux-x86_64-debian-clang 0.0.4 1.81 20.53 22.34 NOTE
r-devel-linux-x86_64-debian-gcc 0.0.4 1.46 16.92 18.38 NOTE
r-devel-linux-x86_64-fedora-clang 0.0.4 34.58 OK
r-devel-linux-x86_64-fedora-gcc 0.0.4 32.41 OK
r-devel-windows-x86_64 0.0.4 2.00 45.00 47.00 OK
r-patched-linux-x86_64 0.0.4 1.78 19.51 21.29 OK
r-release-linux-x86_64 0.0.4 1.65 19.46 21.11 OK
r-release-macos-arm64 0.0.4 17.00 OK
r-release-macos-x86_64 0.0.4 27.00 OK
r-release-windows-x86_64 0.0.4 3.00 44.00 47.00 OK
r-oldrel-macos-arm64 0.0.4 16.00 OK
r-oldrel-macos-x86_64 0.0.4 22.00 OK
r-oldrel-windows-x86_64 0.0.4 3.00 43.00 46.00 OK

Check Details

Version: 0.0.4
Check: CRAN incoming feasibility
Result: NOTE Maintainer: ‘Jason Waddell <jason.waddell@openanalytics.eu>’ No Authors@R field in DESCRIPTION. Please add one, modifying Authors@R: person(given = "Jason", family = "Waddell", role = c("aut", "cre"), email = "jason.waddell@openanalytics.eu") as necessary. Flavors: r-devel-linux-x86_64-debian-clang, r-devel-linux-x86_64-debian-gcc