Last updated on 2025-04-30 04:50:13 CEST.
Flavor | Version | Tinstall | Tcheck | Ttotal | Status | Flags |
---|---|---|---|---|---|---|
r-devel-linux-x86_64-debian-clang | 0.0.25 | 5.93 | 56.44 | 62.37 | NOTE | |
r-devel-linux-x86_64-debian-gcc | 0.0.25 | 4.07 | 42.01 | 46.08 | NOTE | |
r-devel-linux-x86_64-fedora-clang | 0.0.25 | 85.69 | OK | |||
r-devel-linux-x86_64-fedora-gcc | 0.0.25 | 83.09 | OK | |||
r-devel-windows-x86_64 | 0.0.25 | 7.00 | 78.00 | 85.00 | OK | |
r-patched-linux-x86_64 | 0.0.25 | 5.70 | 53.72 | 59.42 | OK | |
r-release-linux-x86_64 | 0.0.25 | 5.21 | 53.34 | 58.55 | OK | |
r-release-macos-arm64 | 0.0.25 | 30.00 | OK | |||
r-release-macos-x86_64 | 0.0.25 | 51.00 | OK | |||
r-release-windows-x86_64 | 0.0.25 | 8.00 | 76.00 | 84.00 | OK | |
r-oldrel-macos-arm64 | 0.0.25 | 31.00 | OK | |||
r-oldrel-macos-x86_64 | 0.0.25 | 42.00 | OK | |||
r-oldrel-windows-x86_64 | 0.0.25 | 8.00 | 86.00 | 94.00 | OK |
Version: 0.0.25
Check: CRAN incoming feasibility
Result: NOTE
Maintainer: ‘Jason Waddell <jason.waddell@openanalytics.eu>’
No Authors@R field in DESCRIPTION.
Please add one, modifying
Authors@R: c(person(given = "Jason",
family = "Waddell",
role = c("aut", "cre"),
email = "jason.waddell@openanalytics.eu"),
person(given = "Willem",
family = "Ligtenberg",
role = "aut"))
as necessary.
Flavors: r-devel-linux-x86_64-debian-clang, r-devel-linux-x86_64-debian-gcc