CRAN Package Check Results for Package oaxaca

Last updated on 2025-04-30 04:50:13 CEST.

Flavor Version Tinstall Tcheck Ttotal Status Flags
r-devel-linux-x86_64-debian-clang 0.1.5 6.37 63.62 69.99 NOTE
r-devel-linux-x86_64-debian-gcc 0.1.5 4.20 46.42 50.62 NOTE
r-devel-linux-x86_64-fedora-clang 0.1.5 101.05 OK
r-devel-linux-x86_64-fedora-gcc 0.1.5 112.31 OK
r-devel-windows-x86_64 0.1.5 8.00 104.00 112.00 OK
r-patched-linux-x86_64 0.1.5 6.01 60.07 66.08 OK
r-release-linux-x86_64 0.1.5 5.31 60.22 65.53 OK
r-release-macos-arm64 0.1.5 40.00 OK
r-release-macos-x86_64 0.1.5 72.00 OK
r-release-windows-x86_64 0.1.5 9.00 99.00 108.00 OK
r-oldrel-macos-arm64 0.1.5 39.00 OK
r-oldrel-macos-x86_64 0.1.5 60.00 OK
r-oldrel-windows-x86_64 0.1.5 9.00 108.00 117.00 OK

Check Details

Version: 0.1.5
Check: CRAN incoming feasibility
Result: NOTE Maintainer: ‘Marek Hlavac <mhlavac@alumni.princeton.edu>’ No Authors@R field in DESCRIPTION. Please add one, modifying Authors@R: person(given = "Marek", family = "Hlavac", role = c("aut", "cre"), email = "mhlavac@alumni.princeton.edu") as necessary. Package CITATION file contains call(s) to old-style citEntry(). Please use bibentry() instead. Flavors: r-devel-linux-x86_64-debian-clang, r-devel-linux-x86_64-debian-gcc