Last updated on 2025-02-21 03:52:20 CET.
Flavor | Version | Tinstall | Tcheck | Ttotal | Status | Flags |
---|---|---|---|---|---|---|
r-devel-linux-x86_64-debian-clang | 1.8.5 | 44.12 | 217.75 | 261.87 | OK | |
r-devel-linux-x86_64-debian-gcc | 1.8.5 | 28.78 | 145.08 | 173.86 | OK | |
r-devel-linux-x86_64-fedora-clang | 1.8.5 | 422.79 | OK | |||
r-devel-linux-x86_64-fedora-gcc | 1.8.5 | 406.91 | OK | |||
r-devel-macos-arm64 | 1.8.5 | 98.00 | OK | |||
r-devel-macos-x86_64 | 1.8.5 | 199.00 | OK | |||
r-devel-windows-x86_64 | 1.8.5 | 42.00 | 188.00 | 230.00 | OK | |
r-patched-linux-x86_64 | 1.8.5 | 43.19 | 201.81 | 245.00 | OK | |
r-release-linux-x86_64 | 1.8.5 | 39.53 | 199.68 | 239.21 | OK | |
r-release-macos-arm64 | 1.8.5 | 98.00 | NOTE | |||
r-release-macos-x86_64 | 1.8.5 | 166.00 | NOTE | |||
r-release-windows-x86_64 | 1.8.5 | 43.00 | 187.00 | 230.00 | NOTE | |
r-oldrel-macos-arm64 | 1.8.5 | 106.00 | NOTE | |||
r-oldrel-macos-x86_64 | 1.8.5 | 175.00 | NOTE | |||
r-oldrel-windows-x86_64 | 1.8.5 | 61.00 | 242.00 | 303.00 | NOTE |
Version: 1.8.5
Check: installed package size
Result: NOTE
installed size is 10.1Mb
sub-directories of 1Mb or more:
R 2.0Mb
doc 5.7Mb
extdata 1.6Mb
Flavors: r-release-macos-arm64, r-release-macos-x86_64, r-release-windows-x86_64, r-oldrel-macos-arm64, r-oldrel-macos-x86_64, r-oldrel-windows-x86_64