Last updated on 2025-02-22 05:51:45 CET.
Flavor | Version | Tinstall | Tcheck | Ttotal | Status | Flags |
---|---|---|---|---|---|---|
r-devel-linux-x86_64-debian-clang | 0.1.6 | 40.49 | 345.14 | 385.63 | NOTE | |
r-devel-linux-x86_64-debian-gcc | 0.1.6 | 24.93 | 221.27 | 246.20 | NOTE | |
r-devel-linux-x86_64-fedora-clang | 0.1.6 | 600.65 | OK | |||
r-devel-linux-x86_64-fedora-gcc | 0.1.6 | 572.58 | OK | |||
r-devel-macos-arm64 | 0.1.6 | 131.00 | OK | |||
r-devel-macos-x86_64 | 0.1.6 | 273.00 | OK | |||
r-devel-windows-x86_64 | 0.1.6 | 36.00 | 281.00 | 317.00 | NOTE | |
r-patched-linux-x86_64 | 0.1.6 | 42.48 | 318.67 | 361.15 | OK | |
r-release-linux-x86_64 | 0.1.6 | 37.55 | 315.39 | 352.94 | OK | |
r-release-macos-arm64 | 0.1.6 | 130.00 | NOTE | |||
r-release-macos-x86_64 | 0.1.6 | 229.00 | NOTE | |||
r-release-windows-x86_64 | 0.1.6 | 38.00 | 281.00 | 319.00 | NOTE | |
r-oldrel-macos-arm64 | 0.1.6 | 132.00 | NOTE | |||
r-oldrel-macos-x86_64 | 0.1.6 | 312.00 | NOTE | |||
r-oldrel-windows-x86_64 | 0.1.6 | 52.00 | 370.00 | 422.00 | NOTE |
Version: 0.1.6
Check: Rd cross-references
Result: NOTE
Found the following Rd file(s) with Rd \link{} targets missing package
anchors:
ggplotmaply.Rd: ggplotly
oceanmap.Rd: raster
readbin.Rd: fields
Please provide package anchors for all Rd \link{} targets not in the
package itself and the base packages.
Flavors: r-devel-linux-x86_64-debian-clang, r-devel-linux-x86_64-debian-gcc, r-devel-windows-x86_64
Version: 0.1.6
Check: installed package size
Result: NOTE
installed size is 6.2Mb
sub-directories of 1Mb or more:
R 1.6Mb
test_files 4.2Mb
Flavors: r-release-macos-arm64, r-release-macos-x86_64, r-release-windows-x86_64, r-oldrel-macos-arm64, r-oldrel-macos-x86_64, r-oldrel-windows-x86_64