CRAN Package Check Results for Package ocf

Last updated on 2025-04-30 04:50:13 CEST.

Flavor Version Tinstall Tcheck Ttotal Status Flags
r-devel-linux-x86_64-debian-clang 1.0.3 73.49 145.10 218.59 OK
r-devel-linux-x86_64-debian-gcc 1.0.3 54.88 98.85 153.73 OK
r-devel-linux-x86_64-fedora-clang 1.0.3 362.53 OK
r-devel-linux-x86_64-fedora-gcc 1.0.3 368.10 OK
r-devel-windows-x86_64 1.0.3 102.00 172.00 274.00 OK
r-patched-linux-x86_64 1.0.3 77.60 136.40 214.00 OK
r-release-linux-x86_64 1.0.3 74.55 135.13 209.68 OK
r-release-macos-arm64 1.0.3 92.00 OK
r-release-macos-x86_64 1.0.3 139.00 OK
r-release-windows-x86_64 1.0.3 99.00 168.00 267.00 OK
r-oldrel-macos-arm64 1.0.3 87.00 NOTE
r-oldrel-macos-x86_64 1.0.3 147.00 NOTE
r-oldrel-windows-x86_64 1.0.3 114.00 194.00 308.00 OK

Check Details

Version: 1.0.3
Check: installed package size
Result: NOTE installed size is 6.1Mb sub-directories of 1Mb or more: libs 5.3Mb Flavors: r-oldrel-macos-arm64, r-oldrel-macos-x86_64