Last updated on 2025-02-22 05:51:45 CET.
Flavor | Version | Tinstall | Tcheck | Ttotal | Status | Flags |
---|---|---|---|---|---|---|
r-devel-linux-x86_64-debian-clang | 1.1 | 3.45 | 29.43 | 32.88 | NOTE | |
r-devel-linux-x86_64-debian-gcc | 1.1 | 2.87 | 23.22 | 26.09 | NOTE | |
r-devel-linux-x86_64-fedora-clang | 1.1 | 51.46 | OK | |||
r-devel-linux-x86_64-fedora-gcc | 1.1 | 49.63 | OK | |||
r-devel-macos-arm64 | 1.1 | 19.00 | OK | |||
r-devel-macos-x86_64 | 1.1 | 38.00 | OK | |||
r-devel-windows-x86_64 | 1.1 | 5.00 | 56.00 | 61.00 | NOTE | |
r-patched-linux-x86_64 | 1.1 | 4.87 | 28.08 | 32.95 | OK | |
r-release-linux-x86_64 | 1.1 | 3.02 | 27.97 | 30.99 | OK | |
r-release-macos-arm64 | 1.1 | 20.00 | OK | |||
r-release-macos-x86_64 | 1.1 | 27.00 | OK | |||
r-release-windows-x86_64 | 1.1 | 5.00 | 49.00 | 54.00 | OK | |
r-oldrel-macos-arm64 | 1.1 | 19.00 | OK | |||
r-oldrel-macos-x86_64 | 1.1 | 29.00 | OK | |||
r-oldrel-windows-x86_64 | 1.1 | 5.00 | 53.00 | 58.00 | OK |
Version: 1.1
Check: Rd cross-references
Result: NOTE
Found the following Rd file(s) with Rd \link{} targets missing package
anchors:
bootockc.Rd: bootFlexclust, stepFlexclust
ockc.Rd: bootFlexclust, kcca
Please provide package anchors for all Rd \link{} targets not in the
package itself and the base packages.
Flavors: r-devel-linux-x86_64-debian-clang, r-devel-linux-x86_64-debian-gcc, r-devel-windows-x86_64