CRAN Package Check Results for Package odbc

Last updated on 2025-04-30 04:50:13 CEST.

Flavor Version Tinstall Tcheck Ttotal Status Flags
r-devel-linux-x86_64-debian-clang 1.6.1 68.24 71.56 139.80 OK
r-devel-linux-x86_64-debian-gcc 1.6.1 50.07 54.39 104.46 OK
r-devel-linux-x86_64-fedora-clang 1.6.1 266.92 OK
r-devel-linux-x86_64-fedora-gcc 1.6.1 268.24 OK
r-devel-windows-x86_64 1.6.1 109.00 118.00 227.00 OK
r-patched-linux-x86_64 1.6.1 72.25 67.04 139.29 OK
r-release-linux-x86_64 1.6.1 72.48 66.47 138.95 OK
r-release-macos-arm64 1.6.1 90.00 OK
r-release-macos-x86_64 1.6.1 129.00 OK
r-release-windows-x86_64 1.6.1 112.00 117.00 229.00 OK
r-oldrel-macos-arm64 1.6.1 75.00 NOTE
r-oldrel-macos-x86_64 1.6.1 141.00 NOTE
r-oldrel-windows-x86_64 1.6.1 119.00 136.00 255.00 OK

Check Details

Version: 1.6.1
Check: installed package size
Result: NOTE installed size is 11.6Mb sub-directories of 1Mb or more: libs 10.6Mb Flavors: r-oldrel-macos-arm64, r-oldrel-macos-x86_64