CRAN Package Check Results for Package odds.n.ends

Last updated on 2025-04-30 04:50:13 CEST.

Flavor Version Tinstall Tcheck Ttotal Status Flags
r-devel-linux-x86_64-debian-clang 0.1.4 1.70 20.61 22.31 OK
r-devel-linux-x86_64-debian-gcc 0.1.4 1.26 17.35 18.61 OK
r-devel-linux-x86_64-fedora-clang 0.1.4 35.98 NOTE
r-devel-linux-x86_64-fedora-gcc 0.1.4 48.10 NOTE
r-devel-windows-x86_64 0.1.4 3.00 47.00 50.00 OK
r-patched-linux-x86_64 0.1.4 1.57 19.96 21.53 OK
r-release-linux-x86_64 0.1.4 1.65 19.77 21.42 OK
r-release-macos-arm64 0.1.4 23.00 OK
r-release-macos-x86_64 0.1.4 40.00 OK
r-release-windows-x86_64 0.1.4 3.00 44.00 47.00 OK
r-oldrel-macos-arm64 0.1.4 22.00 OK
r-oldrel-macos-x86_64 0.1.4 32.00 OK
r-oldrel-windows-x86_64 0.1.4 2.00 44.00 46.00 OK

Check Details

Version: 0.1.4
Check: dependencies in R code
Result: NOTE Namespace in Imports field not imported from: ‘MASS’ All declared Imports should be used. Flavors: r-devel-linux-x86_64-fedora-clang, r-devel-linux-x86_64-fedora-gcc